Last updated on 2024-05-23 01:58:00 CEST.
Flavor | Version | Tinstall | Tcheck | Ttotal | Status | Flags |
---|---|---|---|---|---|---|
r-devel-linux-x86_64-debian-clang | 2.0.0 | 4.78 | 69.97 | 74.75 | NOTE | |
r-devel-linux-x86_64-debian-gcc | 2.0.0 | 3.67 | 46.88 | 50.55 | NOTE | |
r-devel-linux-x86_64-fedora-clang | 2.0.0 | 91.47 | NOTE | |||
r-devel-linux-x86_64-fedora-gcc | 2.0.0 | 85.72 | NOTE | |||
r-devel-windows-x86_64 | 2.0.0 | 5.00 | 62.00 | 67.00 | NOTE | |
r-patched-linux-x86_64 | 2.0.0 | 6.14 | 65.56 | 71.70 | NOTE | |
r-release-linux-x86_64 | 2.0.0 | 4.72 | 65.31 | 70.03 | NOTE | |
r-release-macos-arm64 | 2.0.0 | 23.00 | NOTE | |||
r-release-windows-x86_64 | 2.0.0 | 6.00 | 60.00 | 66.00 | NOTE | |
r-oldrel-macos-arm64 | 2.0.0 | 28.00 | NOTE | |||
r-oldrel-macos-x86_64 | 2.0.0 | 42.00 | NOTE | |||
r-oldrel-windows-x86_64 | 2.0.0 | 6.00 | 76.00 | 82.00 | NOTE |
Version: 2.0.0
Check: LazyData
Result: NOTE
'LazyData' is specified without a 'data' directory
Flavors: r-devel-linux-x86_64-debian-clang, r-devel-linux-x86_64-debian-gcc, r-devel-linux-x86_64-fedora-clang, r-devel-linux-x86_64-fedora-gcc, r-devel-windows-x86_64, r-patched-linux-x86_64, r-release-linux-x86_64, r-release-macos-arm64, r-release-windows-x86_64, r-oldrel-macos-arm64, r-oldrel-macos-x86_64, r-oldrel-windows-x86_64