Last updated on 2025-10-31 00:51:08 CET.
| Flavor | Version | Tinstall | Tcheck | Ttotal | Status | Flags | 
|---|---|---|---|---|---|---|
| r-devel-linux-x86_64-debian-clang | 0.2.0 | 4.31 | 27.39 | 31.70 | NOTE | |
| r-devel-linux-x86_64-debian-gcc | 0.2.0 | 2.44 | 20.69 | 23.13 | NOTE | |
| r-devel-linux-x86_64-fedora-clang | 0.2.0 | 47.01 | OK | |||
| r-devel-linux-x86_64-fedora-gcc | 0.2.0 | 45.42 | OK | |||
| r-devel-windows-x86_64 | 0.2.0 | 4.00 | 44.00 | 48.00 | OK | |
| r-patched-linux-x86_64 | 0.2.0 | 3.54 | 25.87 | 29.41 | OK | |
| r-release-linux-x86_64 | 0.2.0 | 3.26 | 25.34 | 28.60 | OK | |
| r-release-macos-arm64 | 0.2.0 | 2.00 | 28.00 | 30.00 | OK | |
| r-release-macos-x86_64 | 0.2.0 | 3.00 | 26.00 | 29.00 | OK | |
| r-release-windows-x86_64 | 0.2.0 | 7.00 | 47.00 | 54.00 | OK | |
| r-oldrel-macos-arm64 | 0.2.0 | 2.00 | 14.00 | 16.00 | OK | |
| r-oldrel-macos-x86_64 | 0.2.0 | 3.00 | 22.00 | 25.00 | OK | |
| r-oldrel-windows-x86_64 | 0.2.0 | 5.00 | 49.00 | 54.00 | OK | 
Version: 0.2.0
Check: CRAN incoming feasibility
Result: NOTE
  Maintainer: ‘Chao Cheng <c.cheng@yale.edu>’
  
  No Authors@R field in DESCRIPTION.
  Please add one, modifying
    Authors@R: c(person(given = c("Chao", "Cheng;", "Donna", "Spiegelman;", "Fan"),
                        family = "Li",
                        role = "aut"),
                 person(given = "Chao",
                        family = "Cheng",
                        role = "cre",
                        email = "c.cheng@yale.edu"))
  as necessary.
Flavors: r-devel-linux-x86_64-debian-clang, r-devel-linux-x86_64-debian-gcc