CRAN Package Check Results for Package mc.heterogeneity

Last updated on 2025-10-01 02:54:22 CEST.

Flavor Version Tinstall Tcheck Ttotal Status Flags
r-devel-linux-x86_64-debian-clang 0.1.2 7.27 63.15 70.42 NOTE
r-devel-linux-x86_64-debian-gcc 0.1.2 5.59 49.32 54.91 NOTE
r-devel-linux-x86_64-fedora-clang 0.1.2 105.48 NOTE
r-devel-linux-x86_64-fedora-gcc 0.1.2 113.23 NOTE
r-devel-windows-x86_64 0.1.2 8.00 75.00 83.00 NOTE
r-patched-linux-x86_64 0.1.2 5.92 59.88 65.80 NOTE
r-release-linux-x86_64 0.1.2 6.58 60.46 67.04 NOTE
r-release-macos-arm64 0.1.2 48.00 NOTE
r-release-macos-x86_64 0.1.2 96.00 NOTE
r-release-windows-x86_64 0.1.2 8.00 74.00 82.00 NOTE
r-oldrel-macos-arm64 0.1.2 38.00 NOTE
r-oldrel-macos-x86_64 0.1.2 87.00 NOTE
r-oldrel-windows-x86_64 0.1.2 10.00 95.00 105.00 NOTE

Check Details

Version: 0.1.2
Check: Rd files
Result: NOTE checkRd: (-1) mc.lnOR.Rd:7: Escaped LaTeX specials: \& Flavors: r-devel-linux-x86_64-debian-clang, r-devel-linux-x86_64-debian-gcc, r-devel-linux-x86_64-fedora-clang, r-devel-linux-x86_64-fedora-gcc, r-devel-windows-x86_64, r-patched-linux-x86_64, r-release-linux-x86_64, r-release-macos-arm64, r-release-macos-x86_64, r-release-windows-x86_64, r-oldrel-macos-arm64, r-oldrel-macos-x86_64, r-oldrel-windows-x86_64

Version: 0.1.2
Check: dependencies in R code
Result: NOTE Namespace in Imports field not imported from: ‘boot.heterogeneity’ All declared Imports should be used. Flavors: r-devel-linux-x86_64-fedora-clang, r-devel-linux-x86_64-fedora-gcc

Version: 0.1.2
Check: LazyData
Result: NOTE 'LazyData' is specified without a 'data' directory Flavors: r-oldrel-macos-arm64, r-oldrel-macos-x86_64, r-oldrel-windows-x86_64