CRAN Package Check Results for Package matrixsampling

Last updated on 2025-11-01 01:50:36 CET.

Flavor Version Tinstall Tcheck Ttotal Status Flags
r-devel-linux-x86_64-debian-clang 2.0.0 2.88 36.15 39.03 NOTE
r-devel-linux-x86_64-debian-gcc 2.0.0 2.31 26.25 28.56 NOTE
r-devel-linux-x86_64-fedora-clang 2.0.0 59.85 OK
r-devel-linux-x86_64-fedora-gcc 2.0.0 56.11 OK
r-devel-windows-x86_64 2.0.0 4.00 50.00 54.00 OK
r-patched-linux-x86_64 2.0.0 3.12 33.05 36.17 OK
r-release-linux-x86_64 2.0.0 2.75 33.46 36.21 OK
r-release-macos-arm64 2.0.0 1.00 18.00 19.00 OK
r-release-macos-x86_64 2.0.0 2.00 35.00 37.00 OK
r-release-windows-x86_64 2.0.0 4.00 57.00 61.00 OK
r-oldrel-macos-arm64 2.0.0 1.00 18.00 19.00 NOTE
r-oldrel-macos-x86_64 2.0.0 2.00 27.00 29.00 NOTE
r-oldrel-windows-x86_64 2.0.0 4.00 50.00 54.00 NOTE

Check Details

Version: 2.0.0
Check: CRAN incoming feasibility
Result: NOTE Maintainer: ‘Stéphane Laurent <laurent_step@outlook.fr>’ No Authors@R field in DESCRIPTION. Please add one, modifying Authors@R: person(given = "Stéphane", family = "Laurent", role = c("aut", "cre"), email = "laurent_step@outlook.fr") as necessary. Flavors: r-devel-linux-x86_64-debian-clang, r-devel-linux-x86_64-debian-gcc

Version: 2.0.0
Check: LazyData
Result: NOTE 'LazyData' is specified without a 'data' directory Flavors: r-oldrel-macos-arm64, r-oldrel-macos-x86_64, r-oldrel-windows-x86_64