CRAN Package Check Results for Package matrixProfile

Last updated on 2025-02-22 00:49:49 CET.

Flavor Version Tinstall Tcheck Ttotal Status Flags
r-devel-linux-x86_64-debian-clang 0.5.0 2.36 23.04 25.40 OK
r-devel-linux-x86_64-debian-gcc 0.5.0 1.84 18.07 19.91 OK
r-devel-linux-x86_64-fedora-clang 0.5.0 39.52 OK
r-devel-linux-x86_64-fedora-gcc 0.5.0 40.90 OK
r-devel-macos-arm64 0.5.0 17.00 OK
r-devel-macos-x86_64 0.5.0 36.00 OK
r-devel-windows-x86_64 0.5.0 4.00 46.00 50.00 OK
r-patched-linux-x86_64 0.5.0 2.46 22.24 24.70 NOTE
r-release-linux-x86_64 0.5.0 2.30 22.14 24.44 NOTE
r-release-macos-arm64 0.5.0 18.00 NOTE
r-release-macos-x86_64 0.5.0 28.00 NOTE
r-release-windows-x86_64 0.5.0 4.00 44.00 48.00 NOTE
r-oldrel-macos-arm64 0.5.0 18.00 NOTE
r-oldrel-macos-x86_64 0.5.0 24.00 NOTE
r-oldrel-windows-x86_64 0.5.0 4.00 44.00 48.00 NOTE

Check Details

Version: 0.5.0
Check: LazyData
Result: NOTE 'LazyData' is specified without a 'data' directory Flavors: r-patched-linux-x86_64, r-release-linux-x86_64, r-release-macos-arm64, r-release-macos-x86_64, r-release-windows-x86_64, r-oldrel-macos-arm64, r-oldrel-macos-x86_64, r-oldrel-windows-x86_64