Last updated on 2025-10-31 00:51:08 CET.
| Flavor | Version | Tinstall | Tcheck | Ttotal | Status | Flags | 
|---|---|---|---|---|---|---|
| r-devel-linux-x86_64-debian-clang | 2.3 | 53.99 | 125.52 | 179.51 | NOTE | |
| r-devel-linux-x86_64-debian-gcc | 2.3 | 35.32 | 81.85 | 117.17 | NOTE | |
| r-devel-linux-x86_64-fedora-clang | 2.3 | 122.00 | 182.93 | 304.93 | OK | |
| r-devel-linux-x86_64-fedora-gcc | 2.3 | 107.00 | 189.24 | 296.24 | OK | |
| r-devel-windows-x86_64 | 2.3 | 59.00 | 127.00 | 186.00 | OK | |
| r-patched-linux-x86_64 | 2.3 | 55.77 | 118.52 | 174.29 | OK | |
| r-release-linux-x86_64 | 2.3 | 58.44 | 118.69 | 177.13 | OK | |
| r-release-macos-arm64 | 2.3 | 25.00 | 63.00 | 88.00 | OK | |
| r-release-macos-x86_64 | 2.3 | 48.00 | 107.00 | 155.00 | OK | |
| r-release-windows-x86_64 | 2.3 | 59.00 | 127.00 | 186.00 | OK | |
| r-oldrel-macos-arm64 | 2.3 | 21.00 | 48.00 | 69.00 | OK | |
| r-oldrel-macos-x86_64 | 2.3 | 36.00 | 83.00 | 119.00 | OK | |
| r-oldrel-windows-x86_64 | 2.3 | 76.00 | 173.00 | 249.00 | OK | 
Version: 2.3
Check: CRAN incoming feasibility
Result: NOTE
  Maintainer: ‘James S. Clark <jimclark@duke.edu>’
  
  No Authors@R field in DESCRIPTION.
  Please add one, modifying
    Authors@R: person(given = c("James", "S."),
                      family = "Clark",
                      role = c("aut", "cre"),
                      email = "jimclark@duke.edu")
  as necessary.
Flavors: r-devel-linux-x86_64-debian-clang, r-devel-linux-x86_64-debian-gcc