Last updated on 2025-02-22 00:49:49 CET.
Flavor | Version | Tinstall | Tcheck | Ttotal | Status | Flags |
---|---|---|---|---|---|---|
r-devel-linux-x86_64-debian-clang | 0.2.79 | 46.20 | 251.53 | 297.73 | OK | |
r-devel-linux-x86_64-debian-gcc | 0.2.79 | 35.12 | 187.59 | 222.71 | OK | |
r-devel-linux-x86_64-fedora-clang | 0.2.79 | 475.06 | NOTE | |||
r-devel-linux-x86_64-fedora-gcc | 0.2.79 | 542.71 | NOTE | |||
r-devel-macos-arm64 | 0.2.79 | 169.00 | OK | |||
r-devel-macos-x86_64 | 0.2.79 | 317.00 | OK | |||
r-devel-windows-x86_64 | 0.2.79 | 58.00 | 286.00 | 344.00 | OK | |
r-patched-linux-x86_64 | 0.2.79 | 49.54 | 241.66 | 291.20 | OK | |
r-release-linux-x86_64 | 0.2.79 | 49.14 | 240.19 | 289.33 | OK | |
r-release-macos-arm64 | 0.2.79 | 156.00 | NOTE | |||
r-release-macos-x86_64 | 0.2.79 | 233.00 | NOTE | |||
r-release-windows-x86_64 | 0.2.79 | 62.00 | 288.00 | 350.00 | OK | |
r-oldrel-macos-arm64 | 0.2.79 | 179.00 | NOTE | |||
r-oldrel-macos-x86_64 | 0.2.79 | 385.00 | NOTE | |||
r-oldrel-windows-x86_64 | 0.2.79 | 73.00 | 339.00 | 412.00 | OK |
Version: 0.2.79
Check: dependencies in R code
Result: NOTE
Namespace in Imports field not imported from: ‘softImpute’
All declared Imports should be used.
Flavors: r-devel-linux-x86_64-fedora-clang, r-devel-linux-x86_64-fedora-gcc
Version: 0.2.79
Check: installed package size
Result: NOTE
installed size is 8.3Mb
sub-directories of 1Mb or more:
libs 7.4Mb
Flavors: r-release-macos-arm64, r-release-macos-x86_64, r-oldrel-macos-arm64, r-oldrel-macos-x86_64