Last updated on 2025-10-31 00:51:08 CET.
| Flavor | Version | Tinstall | Tcheck | Ttotal | Status | Flags | 
|---|---|---|---|---|---|---|
| r-devel-linux-x86_64-debian-clang | 1.2.1 | 29.56 | 136.04 | 165.60 | OK | |
| r-devel-linux-x86_64-debian-gcc | 1.2.1 | 38.06 | 99.22 | 137.28 | OK | |
| r-devel-linux-x86_64-fedora-clang | 1.2.1 | 49.00 | 189.70 | 238.70 | OK | |
| r-devel-linux-x86_64-fedora-gcc | 1.2.1 | 125.00 | 179.55 | 304.55 | OK | |
| r-devel-windows-x86_64 | 1.2.1 | 35.00 | 123.00 | 158.00 | OK | |
| r-patched-linux-x86_64 | 1.2.1 | 107.29 | 129.87 | 237.16 | OK | |
| r-release-linux-x86_64 | 1.2.1 | 121.76 | 130.24 | 252.00 | OK | |
| r-release-macos-arm64 | 1.2.1 | 14.00 | 56.00 | 70.00 | OK | |
| r-release-macos-x86_64 | 1.2.1 | 24.00 | 109.00 | 133.00 | OK | |
| r-release-windows-x86_64 | 1.2.1 | 35.00 | 123.00 | 158.00 | OK | |
| r-oldrel-macos-arm64 | 1.2.1 | 14.00 | 57.00 | 71.00 | NOTE | |
| r-oldrel-macos-x86_64 | 1.2.1 | 30.00 | 127.00 | 157.00 | NOTE | |
| r-oldrel-windows-x86_64 | 1.2.1 | 42.00 | 159.00 | 201.00 | OK | 
Version: 1.2.1
Check: installed package size
Result: NOTE
    installed size is  6.0Mb
    sub-directories of 1Mb or more:
      doc    2.3Mb
      libs   2.9Mb
Flavors: r-oldrel-macos-arm64, r-oldrel-macos-x86_64