Last updated on 2025-10-31 00:51:08 CET.
| Flavor | Version | Tinstall | Tcheck | Ttotal | Status | Flags | 
|---|---|---|---|---|---|---|
| r-devel-linux-x86_64-debian-clang | 1.0.9 | 29.34 | 95.75 | 125.09 | NOTE | |
| r-devel-linux-x86_64-debian-gcc | 1.0.9 | 21.90 | 69.59 | 91.49 | NOTE | |
| r-devel-linux-x86_64-fedora-clang | 1.0.9 | 64.00 | 145.72 | 209.72 | OK | |
| r-devel-linux-x86_64-fedora-gcc | 1.0.9 | 75.00 | 285.65 | 360.65 | OK | |
| r-devel-windows-x86_64 | 1.0.9 | 39.00 | 119.00 | 158.00 | OK | |
| r-patched-linux-x86_64 | 1.0.9 | 31.19 | 91.99 | 123.18 | OK | |
| r-release-linux-x86_64 | 1.0.9 | 29.56 | 93.29 | 122.85 | OK | |
| r-release-macos-arm64 | 1.0.9 | 14.00 | 94.00 | 108.00 | OK | |
| r-release-macos-x86_64 | 1.0.9 | 24.00 | 196.00 | 220.00 | OK | |
| r-release-windows-x86_64 | 1.0.9 | 42.00 | 120.00 | 162.00 | OK | |
| r-oldrel-macos-arm64 | 1.0.9 | 13.00 | 78.00 | 91.00 | OK | |
| r-oldrel-macos-x86_64 | 1.0.9 | 18.00 | 132.00 | 150.00 | OK | |
| r-oldrel-windows-x86_64 | 1.0.9 | 49.00 | 156.00 | 205.00 | OK | 
Version: 1.0.9
Check: CRAN incoming feasibility
Result: NOTE
  Maintainer: ‘Utkarsh J. Dang <utkarshdang@cunet.carleton.ca>’
  
  No Authors@R field in DESCRIPTION.
  Please add one, modifying
    Authors@R: c(person(given = c("Utkarsh", "J."),
                        family = "Dang",
                        role = c("aut", "cre"),
                        email = "utkarshdang@cunet.carleton.ca"),
                 person(given = c("G.", "Brian"),
                        family = "Golding",
                        role = "aut"))
  as necessary.
Flavors: r-devel-linux-x86_64-debian-clang, r-devel-linux-x86_64-debian-gcc