Last updated on 2025-10-31 00:51:08 CET.
| Flavor | Version | Tinstall | Tcheck | Ttotal | Status | Flags | 
|---|---|---|---|---|---|---|
| r-devel-linux-x86_64-debian-clang | 1.2.8 | 29.52 | 196.05 | 225.57 | NOTE | |
| r-devel-linux-x86_64-debian-gcc | 1.2.8 | 20.13 | 137.11 | 157.24 | NOTE | |
| r-devel-linux-x86_64-fedora-clang | 1.2.8 | 68.00 | 290.71 | 358.71 | OK | |
| r-devel-linux-x86_64-fedora-gcc | 1.2.8 | 65.00 | 290.86 | 355.86 | OK | |
| r-devel-windows-x86_64 | 1.2.8 | 41.00 | 220.00 | 261.00 | OK | |
| r-patched-linux-x86_64 | 1.2.8 | 30.06 | 185.04 | 215.10 | OK | |
| r-release-linux-x86_64 | 1.2.8 | 29.22 | 185.34 | 214.56 | OK | |
| r-release-macos-arm64 | 1.2.8 | 18.00 | 108.00 | 126.00 | OK | |
| r-release-macos-x86_64 | 1.2.8 | 24.00 | 185.00 | 209.00 | OK | |
| r-release-windows-x86_64 | 1.2.8 | 42.00 | 216.00 | 258.00 | OK | |
| r-oldrel-macos-arm64 | 1.2.8 | 15.00 | 84.00 | 99.00 | OK | |
| r-oldrel-macos-x86_64 | 1.2.8 | 20.00 | 127.00 | 147.00 | OK | |
| r-oldrel-windows-x86_64 | 1.2.8 | 51.00 | 277.00 | 328.00 | OK | 
Version: 1.2.8
Check: CRAN incoming feasibility
Result: NOTE
  Maintainer: ‘Jeff Laake <jefflaake@gmail.com>’
  
  No Authors@R field in DESCRIPTION.
  Please add one, modifying
    Authors@R: c(person(given = "Jeff",
                        family = "Laake",
                        role = c("aut", "cre"),
                        email = "jefflaake@gmail.com"),
                 person(given = "Devin",
                        family = "Johnson",
                        role = "aut",
                        email = "devin.johnson@noaa.gov"),
                 person(given = "Paul",
                        family = "Conn",
                        role = "aut",
                        email = "paul.conn@noaa.gov"),
                 person(given = c("example", "for", "simHMM", "from", "Jay"),
                        family = "Rotella",
                        role = "aut"))
  as necessary.
Flavors: r-devel-linux-x86_64-debian-clang, r-devel-linux-x86_64-debian-gcc