Last updated on 2025-10-31 00:51:08 CET.
| Flavor | Version | Tinstall | Tcheck | Ttotal | Status | Flags | 
|---|---|---|---|---|---|---|
| r-devel-linux-x86_64-debian-clang | 2.2 | 3.79 | 43.13 | 46.92 | NOTE | |
| r-devel-linux-x86_64-debian-gcc | 2.2 | 2.73 | 30.38 | 33.11 | NOTE | |
| r-devel-linux-x86_64-fedora-clang | 2.2 | 70.48 | NOTE | |||
| r-devel-linux-x86_64-fedora-gcc | 2.2 | 68.14 | NOTE | |||
| r-devel-windows-x86_64 | 2.2 | 5.00 | 56.00 | 61.00 | NOTE | |
| r-patched-linux-x86_64 | 2.2 | 3.48 | 41.14 | 44.62 | NOTE | |
| r-release-linux-x86_64 | 2.2 | 2.57 | 41.48 | 44.05 | NOTE | |
| r-release-macos-arm64 | 2.2 | 2.00 | 24.00 | 26.00 | NOTE | |
| r-release-macos-x86_64 | 2.2 | 5.00 | 39.00 | 44.00 | NOTE | |
| r-release-windows-x86_64 | 2.2 | 5.00 | 62.00 | 67.00 | NOTE | |
| r-oldrel-macos-arm64 | 2.2 | 2.00 | 28.00 | 30.00 | NOTE | |
| r-oldrel-macos-x86_64 | 2.2 | 3.00 | 30.00 | 33.00 | NOTE | |
| r-oldrel-windows-x86_64 | 2.2 | 5.00 | 57.00 | 62.00 | NOTE | 
Version: 2.2
Check: CRAN incoming feasibility
Result: NOTE
  Maintainer: ‘Henrik Spliid <hspl@dtu.dk>’
  
  No Authors@R field in DESCRIPTION.
  Please add one, modifying
    Authors@R: person(given = "Henrik",
                      family = "Spliid",
                      role = c("aut", "cre"),
                      email = "hspl@dtu.dk")
  as necessary.
Flavors: r-devel-linux-x86_64-debian-clang, r-devel-linux-x86_64-debian-gcc
Version: 2.2
Check: Rd files
Result: NOTE
  checkRd: (-1) marima.Rd:28: Lost braces; missing escapes or markup?
      28 | ( if(is.ts(DATA)) { DATA <- as.matrix(data.frame(DATA)) } and a message
         |                   ^
  checkRd: (-1) marima.Rd:223: Escaped LaTeX specials: \&
Flavors: r-devel-linux-x86_64-debian-clang, r-devel-linux-x86_64-debian-gcc, r-devel-linux-x86_64-fedora-clang, r-devel-linux-x86_64-fedora-gcc, r-devel-windows-x86_64, r-patched-linux-x86_64, r-release-linux-x86_64, r-release-macos-arm64, r-release-macos-x86_64, r-release-windows-x86_64, r-oldrel-macos-arm64, r-oldrel-macos-x86_64, r-oldrel-windows-x86_64