Last updated on 2025-10-31 00:51:08 CET.
| Flavor | Version | Tinstall | Tcheck | Ttotal | Status | Flags | 
|---|---|---|---|---|---|---|
| r-devel-linux-x86_64-debian-clang | 1.9-7 | 4.65 | 26.34 | 30.99 | NOTE | |
| r-devel-linux-x86_64-debian-gcc | 1.9-7 | 3.24 | 20.99 | 24.23 | NOTE | |
| r-devel-linux-x86_64-fedora-clang | 1.9-7 | 12.00 | 34.10 | 46.10 | OK | |
| r-devel-linux-x86_64-fedora-gcc | 1.9-7 | 44.00 | OK | |||
| r-devel-windows-x86_64 | 1.9-7 | 8.00 | 53.00 | 61.00 | OK | |
| r-patched-linux-x86_64 | 1.9-7 | 4.65 | 25.06 | 29.71 | OK | |
| r-release-linux-x86_64 | 1.9-7 | 3.92 | 24.97 | 28.89 | OK | |
| r-release-macos-arm64 | 1.9-7 | 16.00 | 21.00 | 37.00 | OK | |
| r-release-macos-x86_64 | 1.9-7 | 6.00 | 38.00 | 44.00 | OK | |
| r-release-windows-x86_64 | 1.9-7 | 9.00 | 54.00 | 63.00 | OK | |
| r-oldrel-macos-arm64 | 1.9-7 | 4.00 | 25.00 | 29.00 | OK | |
| r-oldrel-macos-x86_64 | 1.9-7 | 5.00 | 23.00 | 28.00 | OK | |
| r-oldrel-windows-x86_64 | 1.9-7 | 11.00 | 57.00 | 68.00 | OK | 
Version: 1.9-7
Check: CRAN incoming feasibility
Result: NOTE
  Maintainer: ‘Matt Taddy <mataddy@gmail.com>’
  
  No Authors@R field in DESCRIPTION.
  Please add one, modifying
    Authors@R: person(given = "Matt",
                      family = "Taddy",
                      role = c("aut", "cre"),
                      email = "mataddy@gmail.com")
  as necessary.
  
  Package CITATION file contains call(s) to old-style personList() or
  as.personList().  Please use c() on person objects instead.
  Package CITATION file contains call(s) to old-style citEntry().  Please
  use bibentry() instead.
Flavors: r-devel-linux-x86_64-debian-clang, r-devel-linux-x86_64-debian-gcc