Last updated on 2025-02-22 00:49:49 CET.
Flavor | Version | Tinstall | Tcheck | Ttotal | Status | Flags |
---|---|---|---|---|---|---|
r-devel-linux-x86_64-debian-clang | 0.11.1 | 6.58 | 57.05 | 63.63 | NOTE | |
r-devel-linux-x86_64-debian-gcc | 0.11.1 | 4.59 | 42.54 | 47.13 | NOTE | |
r-devel-linux-x86_64-fedora-clang | 0.11.1 | 101.69 | NOTE | |||
r-devel-linux-x86_64-fedora-gcc | 0.11.1 | 124.04 | NOTE | |||
r-devel-macos-arm64 | 0.11.1 | 49.00 | NOTE | |||
r-devel-macos-x86_64 | 0.11.1 | 81.00 | NOTE | |||
r-devel-windows-x86_64 | 0.11.1 | 9.00 | 90.00 | 99.00 | NOTE | |
r-patched-linux-x86_64 | 0.11.1 | 6.57 | 53.92 | 60.49 | NOTE | |
r-release-linux-x86_64 | 0.11.1 | 6.97 | 54.41 | 61.38 | NOTE | |
r-release-macos-arm64 | 0.11.1 | 46.00 | NOTE | |||
r-release-macos-x86_64 | 0.11.1 | 69.00 | NOTE | |||
r-release-windows-x86_64 | 0.11.1 | 8.00 | 86.00 | 94.00 | NOTE | |
r-oldrel-macos-arm64 | 0.11.1 | 45.00 | OK | |||
r-oldrel-macos-x86_64 | 0.11.1 | 71.00 | OK | |||
r-oldrel-windows-x86_64 | 0.11.1 | 11.00 | 93.00 | 104.00 | OK |
Version: 0.11.1
Check: Rd files
Result: NOTE
checkRd: (-1) manipulateWidget.Rd:113-117: Lost braces in \itemize; meant \describe ?
checkRd: (-1) manipulateWidget.Rd:118-120: Lost braces in \itemize; meant \describe ?
checkRd: (-1) manipulateWidget.Rd:121-123: Lost braces in \itemize; meant \describe ?
checkRd: (-1) manipulateWidget.Rd:124-127: Lost braces in \itemize; meant \describe ?
Flavors: r-devel-linux-x86_64-debian-clang, r-devel-linux-x86_64-debian-gcc, r-devel-linux-x86_64-fedora-clang, r-devel-linux-x86_64-fedora-gcc, r-devel-macos-arm64, r-devel-macos-x86_64, r-devel-windows-x86_64, r-patched-linux-x86_64, r-release-linux-x86_64, r-release-macos-arm64, r-release-macos-x86_64, r-release-windows-x86_64