Last updated on 2024-07-22 01:49:27 CEST.
Flavor | Version | Tinstall | Tcheck | Ttotal | Status | Flags |
---|---|---|---|---|---|---|
r-devel-linux-x86_64-debian-clang | 1.0 | 1.80 | 19.27 | 21.07 | NOTE | |
r-devel-linux-x86_64-debian-gcc | 1.0 | 1.52 | 14.79 | 16.31 | NOTE | |
r-devel-linux-x86_64-fedora-clang | 1.0 | 26.70 | NOTE | |||
r-devel-linux-x86_64-fedora-gcc | 1.0 | 25.33 | NOTE | |||
r-devel-windows-x86_64 | 1.0 | 3.00 | 33.00 | 36.00 | NOTE | |
r-patched-linux-x86_64 | 1.0 | 1.98 | 10.87 | 12.85 | NOTE | |
r-release-linux-x86_64 | 1.0 | 1.47 | 18.62 | 20.09 | NOTE | |
r-release-macos-arm64 | 1.0 | 13.00 | NOTE | |||
r-release-macos-x86_64 | 1.0 | 17.00 | NOTE | |||
r-release-windows-x86_64 | 1.0 | 3.00 | 32.00 | 35.00 | NOTE | |
r-oldrel-macos-arm64 | 1.0 | 13.00 | OK | |||
r-oldrel-macos-x86_64 | 1.0 | 17.00 | OK | |||
r-oldrel-windows-x86_64 | 1.0 | 3.00 | 34.00 | 37.00 | OK |
Version: 1.0
Check: Rd files
Result: NOTE
checkRd: (-1) makeProject.Rd:34: Lost braces
34 | email{noahsilverman@ucla.edu}
| ^
Flavors: r-devel-linux-x86_64-debian-clang, r-devel-linux-x86_64-debian-gcc, r-devel-linux-x86_64-fedora-clang, r-devel-linux-x86_64-fedora-gcc, r-devel-windows-x86_64, r-patched-linux-x86_64, r-release-linux-x86_64, r-release-macos-arm64, r-release-macos-x86_64, r-release-windows-x86_64