Last updated on 2025-10-31 00:51:08 CET.
| Flavor | Version | Tinstall | Tcheck | Ttotal | Status | Flags | 
|---|---|---|---|---|---|---|
| r-devel-linux-x86_64-debian-clang | 0.73.3 | 2.81 | 33.28 | 36.09 | NOTE | |
| r-devel-linux-x86_64-debian-gcc | 0.73.3 | 2.20 | 27.98 | 30.18 | NOTE | |
| r-devel-linux-x86_64-fedora-clang | 0.73.3 | 53.82 | NOTE | |||
| r-devel-linux-x86_64-fedora-gcc | 0.73.3 | 51.66 | NOTE | |||
| r-devel-windows-x86_64 | 0.73.3 | 4.00 | 76.00 | 80.00 | NOTE | |
| r-patched-linux-x86_64 | 0.73.3 | 3.22 | 31.97 | 35.19 | NOTE | |
| r-release-linux-x86_64 | 0.73.3 | 3.06 | 32.06 | 35.12 | NOTE | |
| r-release-macos-arm64 | 0.73.3 | 2.00 | 20.00 | 22.00 | NOTE | |
| r-release-macos-x86_64 | 0.73.3 | 3.00 | 32.00 | 35.00 | NOTE | |
| r-release-windows-x86_64 | 0.73.3 | 4.00 | 56.00 | 60.00 | NOTE | |
| r-oldrel-macos-arm64 | 0.73.3 | 2.00 | 23.00 | 25.00 | NOTE | |
| r-oldrel-macos-x86_64 | 0.73.3 | 2.00 | 26.00 | 28.00 | NOTE | |
| r-oldrel-windows-x86_64 | 0.73.3 | 5.00 | 62.00 | 67.00 | NOTE | 
Version: 0.73.3
Check: CRAN incoming feasibility
Result: NOTE
  Maintainer: ‘Fridolin Wild <wild@brookes.ac.uk>’
  
  No Authors@R field in DESCRIPTION.
  Please add one, modifying
    Authors@R: person(given = "Fridolin",
                      family = "Wild",
                      role = c("aut", "cre"),
                      email = "wild@brookes.ac.uk")
  as necessary.
Flavors: r-devel-linux-x86_64-debian-clang, r-devel-linux-x86_64-debian-gcc
Version: 0.73.3
Check: Rd files
Result: NOTE
  checkRd: (-1) specialchars.Rd:6: Escaped LaTeX specials: \&
Flavors: r-devel-linux-x86_64-debian-clang, r-devel-linux-x86_64-debian-gcc, r-devel-linux-x86_64-fedora-clang, r-devel-linux-x86_64-fedora-gcc, r-devel-windows-x86_64, r-patched-linux-x86_64, r-release-linux-x86_64, r-release-macos-arm64, r-release-macos-x86_64, r-release-windows-x86_64, r-oldrel-macos-arm64, r-oldrel-macos-x86_64, r-oldrel-windows-x86_64