Last updated on 2024-07-22 01:49:27 CEST.
Flavor | Version | Tinstall | Tcheck | Ttotal | Status | Flags |
---|---|---|---|---|---|---|
r-devel-linux-x86_64-debian-clang | 1.1-11 | 6.63 | 29.60 | 36.23 | OK | |
r-devel-linux-x86_64-debian-gcc | 1.1-11 | 4.33 | 22.97 | 27.30 | NOTE | |
r-devel-linux-x86_64-fedora-clang | 1.1-11 | 48.54 | OK | |||
r-devel-linux-x86_64-fedora-gcc | 1.1-11 | 44.01 | OK | |||
r-devel-windows-x86_64 | 1.1-11 | 9.00 | 49.00 | 58.00 | NOTE | |
r-patched-linux-x86_64 | 1.1-11 | 6.52 | 29.41 | 35.93 | OK | |
r-release-linux-x86_64 | 1.1-11 | 4.76 | 28.53 | 33.29 | OK | |
r-release-macos-arm64 | 1.1-11 | 32.00 | OK | |||
r-release-macos-x86_64 | 1.1-11 | 30.00 | OK | |||
r-release-windows-x86_64 | 1.1-11 | 9.00 | 48.00 | 57.00 | OK | |
r-oldrel-macos-arm64 | 1.1-11 | 38.00 | OK | |||
r-oldrel-macos-x86_64 | 1.1-11 | 46.00 | OK | |||
r-oldrel-windows-x86_64 | 1.1-11 | 9.00 | 50.00 | 59.00 | OK |
Version: 1.1-11
Check: Rd cross-references
Result: NOTE
Found the following Rd file(s) with Rd \link{} targets missing package
anchors:
KernS-methods.Rd: plotDS
glkerns.Rd: seqXtend
lokerns.Rd: seqXtend
Please provide package anchors for all Rd \link{} targets not in the
package itself and the base packages.
Flavors: r-devel-linux-x86_64-debian-gcc, r-devel-windows-x86_64