Last updated on 2025-10-31 00:51:08 CET.
| Flavor | Version | Tinstall | Tcheck | Ttotal | Status | Flags | 
|---|---|---|---|---|---|---|
| r-devel-linux-x86_64-debian-clang | 0.2 | 3.06 | 56.74 | 59.80 | NOTE | |
| r-devel-linux-x86_64-debian-gcc | 0.2 | 2.35 | 43.15 | 45.50 | NOTE | |
| r-devel-linux-x86_64-fedora-clang | 0.2 | 89.49 | NOTE | |||
| r-devel-linux-x86_64-fedora-gcc | 0.2 | 100.38 | NOTE | |||
| r-devel-windows-x86_64 | 0.2 | 7.00 | 84.00 | 91.00 | OK | |
| r-patched-linux-x86_64 | 0.2 | 3.35 | 53.11 | 56.46 | OK | |
| r-release-linux-x86_64 | 0.2 | 3.36 | 52.21 | 55.57 | OK | |
| r-release-macos-arm64 | 0.2 | 4.00 | 48.00 | 52.00 | OK | |
| r-release-macos-x86_64 | 0.2 | 5.00 | 77.00 | 82.00 | OK | |
| r-release-windows-x86_64 | 0.2 | 7.00 | 82.00 | 89.00 | OK | |
| r-oldrel-macos-arm64 | 0.2 | 3.00 | 35.00 | 38.00 | OK | |
| r-oldrel-macos-x86_64 | 0.2 | 4.00 | 64.00 | 68.00 | OK | |
| r-oldrel-windows-x86_64 | 0.2 | 9.00 | 94.00 | 103.00 | OK | 
Version: 0.2
Check: CRAN incoming feasibility
Result: NOTE
  Maintainer: ‘Andrew J. Landgraf <andland@gmail.com>’
  
  No Authors@R field in DESCRIPTION.
  Please add one, modifying
    Authors@R: person(given = c("Andrew", "J."),
                      family = "Landgraf",
                      role = c("aut", "cre"),
                      email = "andland@gmail.com")
  as necessary.
  
  Package CITATION file contains call(s) to old-style personList() or
  as.personList().  Please use c() on person objects instead.
  Package CITATION file contains call(s) to old-style citEntry().  Please
  use bibentry() instead.
Flavors: r-devel-linux-x86_64-debian-clang, r-devel-linux-x86_64-debian-gcc
Version: 0.2
Check: compiled code
Result: NOTE
  File ‘logisticPCA/libs/logisticPCA.so’:
    Found no calls to: ‘R_registerRoutines’, ‘R_useDynamicSymbols’
  
  It is good practice to register native routines and to disable symbol
  search.
  
  See ‘Writing portable packages’ in the ‘Writing R Extensions’ manual.
Flavors: r-devel-linux-x86_64-fedora-clang, r-devel-linux-x86_64-fedora-gcc