Last updated on 2025-10-31 00:51:08 CET.
| Flavor | Version | Tinstall | Tcheck | Ttotal | Status | Flags | 
|---|---|---|---|---|---|---|
| r-devel-linux-x86_64-debian-clang | 1.0-7 | 11.98 | 107.04 | 119.02 | NOTE | |
| r-devel-linux-x86_64-debian-gcc | 1.0-7 | 9.94 | 79.68 | 89.62 | NOTE | |
| r-devel-linux-x86_64-fedora-clang | 1.0-7 | 30.00 | 157.57 | 187.57 | OK | |
| r-devel-linux-x86_64-fedora-gcc | 1.0-7 | 26.00 | 148.20 | 174.20 | OK | |
| r-devel-windows-x86_64 | 1.0-7 | 14.00 | 104.00 | 118.00 | OK | |
| r-patched-linux-x86_64 | 1.0-7 | 11.37 | 101.47 | 112.84 | OK | |
| r-release-linux-x86_64 | 1.0-7 | 12.25 | 101.66 | 113.91 | OK | |
| r-release-macos-arm64 | 1.0-7 | 6.00 | 41.00 | 47.00 | OK | |
| r-release-macos-x86_64 | 1.0-7 | 11.00 | 72.00 | 83.00 | OK | |
| r-release-windows-x86_64 | 1.0-7 | 15.00 | 107.00 | 122.00 | OK | |
| r-oldrel-macos-arm64 | 1.0-7 | 6.00 | 46.00 | 52.00 | OK | |
| r-oldrel-macos-x86_64 | 1.0-7 | 8.00 | 58.00 | 66.00 | OK | |
| r-oldrel-windows-x86_64 | 1.0-7 | 19.00 | 135.00 | 154.00 | OK | 
Version: 1.0-7
Check: CRAN incoming feasibility
Result: NOTE
  Maintainer: ‘Ilja M. Nolte <i.m.nolte@umcg.nl>’
  
  No Authors@R field in DESCRIPTION.
  Please add one, modifying
    Authors@R: c(person(given = "Ahmad",
                        family = "Vaez",
                        role = "aut"),
                 person(given = c("Ilja", "M."),
                        family = "Nolte",
                        role = c("aut", "cre"),
                        email = "i.m.nolte@umcg.nl"),
                 person(given = c("Peter", "J."),
                        family = "van der Most",
                        role = "aut"))
  as necessary.
  
  Package CITATION file contains call(s) to old-style citEntry().  Please
  use bibentry() instead.
Flavors: r-devel-linux-x86_64-debian-clang, r-devel-linux-x86_64-debian-gcc