Last updated on 2025-02-22 00:49:49 CET.
Flavor | Version | Tinstall | Tcheck | Ttotal | Status | Flags |
---|---|---|---|---|---|---|
r-devel-linux-x86_64-debian-clang | 1.7.7 | 6.95 | 52.70 | 59.65 | NOTE | |
r-devel-linux-x86_64-debian-gcc | 1.7.7 | 4.39 | 39.02 | 43.41 | NOTE | |
r-devel-linux-x86_64-fedora-clang | 1.7.7 | 93.64 | NOTE | |||
r-devel-linux-x86_64-fedora-gcc | 1.7.7 | 90.68 | NOTE | |||
r-devel-macos-arm64 | 1.7.7 | 33.00 | NOTE | |||
r-devel-macos-x86_64 | 1.7.7 | 57.00 | NOTE | |||
r-devel-windows-x86_64 | 1.7.7 | 11.00 | 81.00 | 92.00 | NOTE | |
r-patched-linux-x86_64 | 1.7.7 | 11.37 | 50.90 | 62.27 | NOTE | |
r-release-linux-x86_64 | 1.7.7 | 6.61 | 50.20 | 56.81 | NOTE | |
r-release-macos-arm64 | 1.7.7 | 34.00 | NOTE | |||
r-release-macos-x86_64 | 1.7.7 | 45.00 | NOTE | |||
r-release-windows-x86_64 | 1.7.7 | 12.00 | 87.00 | 99.00 | NOTE | |
r-oldrel-macos-arm64 | 1.7.7 | 43.00 | OK | |||
r-oldrel-macos-x86_64 | 1.7.7 | 57.00 | OK | |||
r-oldrel-windows-x86_64 | 1.7.7 | 12.00 | 108.00 | 120.00 | OK |
Version: 1.7.7
Check: Rd files
Result: NOTE
checkRd: (-1) Rvarlacf.Rd:104: Lost braces
104 | eqn{(2s+1)^{-2}} (this was the default in versions prior to
| ^
checkRd: (-1) Rvarlacf.Rd:104: Lost braces; missing escapes or markup?
104 | eqn{(2s+1)^{-2}} (this was the default in versions prior to
| ^
Flavors: r-devel-linux-x86_64-debian-clang, r-devel-linux-x86_64-debian-gcc, r-devel-linux-x86_64-fedora-clang, r-devel-linux-x86_64-fedora-gcc, r-devel-macos-arm64, r-devel-macos-x86_64, r-devel-windows-x86_64, r-patched-linux-x86_64, r-release-linux-x86_64, r-release-macos-arm64, r-release-macos-x86_64, r-release-windows-x86_64
Version: 1.7.7
Check: Rd cross-references
Result: NOTE
Found the following Rd file(s) with Rd \link{} targets missing package
anchors:
EstBetaCov.Rd: PsiJ
Please provide package anchors for all Rd \link{} targets not in the
package itself and the base packages.
Flavors: r-devel-linux-x86_64-debian-clang, r-devel-linux-x86_64-debian-gcc, r-devel-windows-x86_64