Last updated on 2025-10-31 00:51:08 CET.
| Flavor | Version | Tinstall | Tcheck | Ttotal | Status | Flags | 
|---|---|---|---|---|---|---|
| r-devel-linux-x86_64-debian-clang | 0.41 | 8.12 | 54.03 | 62.15 | NOTE | |
| r-devel-linux-x86_64-debian-gcc | 0.41 | 6.03 | 40.03 | 46.06 | NOTE | |
| r-devel-linux-x86_64-fedora-clang | 0.41 | 18.00 | 78.35 | 96.35 | NOTE | |
| r-devel-linux-x86_64-fedora-gcc | 0.41 | 20.00 | 72.85 | 92.85 | NOTE | |
| r-devel-windows-x86_64 | 0.41 | 13.00 | 78.00 | 91.00 | OK | |
| r-patched-linux-x86_64 | 0.41 | 7.95 | 52.26 | 60.21 | OK | |
| r-release-linux-x86_64 | 0.41 | 7.85 | 53.18 | 61.03 | OK | |
| r-release-macos-arm64 | 0.41 | 6.00 | 29.00 | 35.00 | OK | |
| r-release-macos-x86_64 | 0.41 | 8.00 | 41.00 | 49.00 | OK | |
| r-release-windows-x86_64 | 0.41 | 13.00 | 77.00 | 90.00 | OK | |
| r-oldrel-macos-arm64 | 0.41 | 5.00 | 25.00 | 30.00 | OK | |
| r-oldrel-macos-x86_64 | 0.41 | 7.00 | 36.00 | 43.00 | OK | |
| r-oldrel-windows-x86_64 | 0.41 | 16.00 | 94.00 | 110.00 | OK | 
Version: 0.41
Check: CRAN incoming feasibility
Result: NOTE
  Maintainer: ‘Tore Selland Kleppe <tore.kleppe@uis.no>’
  
  No Authors@R field in DESCRIPTION.
  Please add one, modifying
    Authors@R: person(given = c("Tore", "Selland"),
                      family = "Kleppe",
                      role = c("aut", "cre"),
                      email = "tore.kleppe@uis.no")
  as necessary.
  
  Package CITATION file contains call(s) to old-style personList() or
  as.personList().  Please use c() on person objects instead.
  Package CITATION file contains call(s) to old-style citEntry().  Please
  use bibentry() instead.
Flavors: r-devel-linux-x86_64-debian-clang, r-devel-linux-x86_64-debian-gcc
Version: 0.41
Check: compiled code
Result: NOTE
  File ‘localgauss/libs/localgauss.so’:
    Found no calls to: ‘R_registerRoutines’, ‘R_useDynamicSymbols’
  
  It is good practice to register native routines and to disable symbol
  search.
  
  See ‘Writing portable packages’ in the ‘Writing R Extensions’ manual.
Flavors: r-devel-linux-x86_64-fedora-clang, r-devel-linux-x86_64-fedora-gcc