Last updated on 2025-10-31 00:51:07 CET.
| Flavor | Version | Tinstall | Tcheck | Ttotal | Status | Flags | 
|---|---|---|---|---|---|---|
| r-devel-linux-x86_64-debian-clang | 1.0.0 | 22.75 | 152.18 | 174.93 | NOTE | |
| r-devel-linux-x86_64-debian-gcc | 1.0.0 | 18.92 | 112.51 | 131.43 | NOTE | |
| r-devel-linux-x86_64-fedora-clang | 1.0.0 | 82.00 | 194.60 | 276.60 | NOTE | |
| r-devel-linux-x86_64-fedora-gcc | 1.0.0 | 56.00 | 210.38 | 266.38 | NOTE | |
| r-devel-windows-x86_64 | 1.0.0 | 20.00 | 131.00 | 151.00 | NOTE | |
| r-patched-linux-x86_64 | 1.0.0 | 23.90 | 147.81 | 171.71 | NOTE | |
| r-release-linux-x86_64 | 1.0.0 | 27.20 | 146.59 | 173.79 | NOTE | |
| r-release-macos-arm64 | 1.0.0 | 8.00 | 53.00 | 61.00 | NOTE | |
| r-release-macos-x86_64 | 1.0.0 | 14.00 | 115.00 | 129.00 | NOTE | |
| r-release-windows-x86_64 | 1.0.0 | 22.00 | 131.00 | 153.00 | NOTE | |
| r-oldrel-macos-arm64 | 1.0.0 | 8.00 | 55.00 | 63.00 | NOTE | |
| r-oldrel-macos-x86_64 | 1.0.0 | 19.00 | 99.00 | 118.00 | NOTE | |
| r-oldrel-windows-x86_64 | 1.0.0 | 29.00 | 170.00 | 199.00 | NOTE | 
Version: 1.0.0
Check: Rd files
Result: NOTE
  checkRd: (-1) MHDI.Rd:23: Escaped LaTeX specials: \&
Flavors: r-devel-linux-x86_64-debian-clang, r-devel-linux-x86_64-debian-gcc, r-devel-linux-x86_64-fedora-clang, r-devel-linux-x86_64-fedora-gcc, r-devel-windows-x86_64, r-patched-linux-x86_64, r-release-linux-x86_64, r-release-macos-arm64, r-release-macos-x86_64, r-release-windows-x86_64, r-oldrel-macos-arm64, r-oldrel-macos-x86_64, r-oldrel-windows-x86_64