Last updated on 2025-11-01 01:50:35 CET.
| Flavor | Version | Tinstall | Tcheck | Ttotal | Status | Flags |
|---|---|---|---|---|---|---|
| r-devel-linux-x86_64-debian-clang | 0.1.2 | 16.70 | 127.72 | 144.42 | NOTE | |
| r-devel-linux-x86_64-debian-gcc | 0.1.2 | 10.42 | 89.60 | 100.02 | NOTE | |
| r-devel-linux-x86_64-fedora-clang | 0.1.2 | 33.00 | 180.93 | 213.93 | OK | |
| r-devel-linux-x86_64-fedora-gcc | 0.1.2 | 129.00 | 94.66 | 223.66 | OK | |
| r-devel-windows-x86_64 | 0.1.2 | 17.00 | 116.00 | 133.00 | OK | |
| r-patched-linux-x86_64 | 0.1.2 | 15.54 | 116.11 | 131.65 | OK | |
| r-release-linux-x86_64 | 0.1.2 | 13.55 | 118.61 | 132.16 | OK | |
| r-release-macos-arm64 | 0.1.2 | 6.00 | 42.00 | 48.00 | OK | |
| r-release-macos-x86_64 | 0.1.2 | 11.00 | 78.00 | 89.00 | OK | |
| r-release-windows-x86_64 | 0.1.2 | 15.00 | 118.00 | 133.00 | OK | |
| r-oldrel-macos-arm64 | 0.1.2 | 6.00 | 43.00 | 49.00 | OK | |
| r-oldrel-macos-x86_64 | 0.1.2 | 9.00 | 62.00 | 71.00 | OK | |
| r-oldrel-windows-x86_64 | 0.1.2 | 21.00 | 151.00 | 172.00 | OK |
Version: 0.1.2
Check: CRAN incoming feasibility
Result: NOTE
Maintainer: ‘Tommi Suvitaival <TSUV0001@RegionH.DK>’
Found the following URLs which should use \doi (with the DOI name only):
File ‘cancerlipidome.Rd’:
http://dx.doi.org/10.21228/M8RX01
https://doi.org/10.3390/metabo8030041
File ‘humanlipidome.Rd’:
http://dx.doi.org/10.21228/M8MW26
https://doi.org/10.1194/jlr.M009449
File ‘liverlipidome.Rd’:
http://dx.doi.org/10.21228/M8MW26
https://dx.doi.org/10.1194/jlr.P056002
Flavors: r-devel-linux-x86_64-debian-clang, r-devel-linux-x86_64-debian-gcc