Last updated on 2025-10-31 00:51:07 CET.
| Flavor | Version | Tinstall | Tcheck | Ttotal | Status | Flags | 
|---|---|---|---|---|---|---|
| r-devel-linux-x86_64-debian-clang | 1.0-0 | 1.85 | 30.90 | 32.75 | NOTE | |
| r-devel-linux-x86_64-debian-gcc | 1.0-0 | 1.70 | 25.08 | 26.78 | NOTE | |
| r-devel-linux-x86_64-fedora-clang | 1.0-0 | 52.18 | OK | |||
| r-devel-linux-x86_64-fedora-gcc | 1.0-0 | 66.96 | OK | |||
| r-devel-windows-x86_64 | 1.0-0 | 4.00 | 48.00 | 52.00 | OK | |
| r-patched-linux-x86_64 | 1.0-0 | 2.05 | 28.27 | 30.32 | OK | |
| r-release-linux-x86_64 | 1.0-0 | 1.62 | 28.12 | 29.74 | OK | |
| r-release-macos-arm64 | 1.0-0 | 2.00 | 50.00 | 52.00 | OK | |
| r-release-macos-x86_64 | 1.0-0 | 2.00 | 54.00 | 56.00 | OK | |
| r-release-windows-x86_64 | 1.0-0 | 6.00 | 48.00 | 54.00 | OK | |
| r-oldrel-macos-arm64 | 1.0-0 | 1.00 | 24.00 | 25.00 | NOTE | |
| r-oldrel-macos-x86_64 | 1.0-0 | 2.00 | 33.00 | 35.00 | NOTE | |
| r-oldrel-windows-x86_64 | 1.0-0 | 4.00 | 57.00 | 61.00 | NOTE | 
Version: 1.0-0
Check: CRAN incoming feasibility
Result: NOTE
  Maintainer: ‘Michal Bojanowski <michal2992@gmail.com>’
  
  Found the following (possibly) invalid file URI:
    URI: recon.icm.edu.pl
      From: man/linkprediction.Rd
Flavors: r-devel-linux-x86_64-debian-clang, r-devel-linux-x86_64-debian-gcc
Version: 1.0-0
Check: LazyData
Result: NOTE
    'LazyData' is specified without a 'data' directory
Flavors: r-oldrel-macos-arm64, r-oldrel-macos-x86_64, r-oldrel-windows-x86_64