Last updated on 2025-10-31 00:51:07 CET.
| Flavor | Version | Tinstall | Tcheck | Ttotal | Status | Flags | 
|---|---|---|---|---|---|---|
| r-devel-linux-x86_64-debian-clang | 0.51 | 8.42 | 137.56 | 145.98 | NOTE | |
| r-devel-linux-x86_64-debian-gcc | 0.51 | 5.85 | 91.63 | 97.48 | NOTE | |
| r-devel-linux-x86_64-fedora-clang | 0.51 | 31.00 | 219.46 | 250.46 | OK | |
| r-devel-linux-x86_64-fedora-gcc | 0.51 | 17.00 | 224.42 | 241.42 | OK | |
| r-devel-windows-x86_64 | 0.51 | 10.00 | 151.00 | 161.00 | OK | |
| r-patched-linux-x86_64 | 0.51 | 7.82 | 131.63 | 139.45 | OK | |
| r-release-linux-x86_64 | 0.51 | 6.55 | 131.51 | 138.06 | OK | |
| r-release-macos-arm64 | 0.51 | 3.00 | 73.00 | 76.00 | OK | |
| r-release-macos-x86_64 | 0.51 | 6.00 | 134.00 | 140.00 | OK | |
| r-release-windows-x86_64 | 0.51 | 9.00 | 152.00 | 161.00 | OK | |
| r-oldrel-macos-arm64 | 0.51 | 3.00 | 58.00 | 61.00 | OK | |
| r-oldrel-macos-x86_64 | 0.51 | 7.00 | 143.00 | 150.00 | OK | |
| r-oldrel-windows-x86_64 | 0.51 | 12.00 | 198.00 | 210.00 | OK | 
Version: 0.51
Check: CRAN incoming feasibility
Result: NOTE
  Maintainer: ‘Ruggero Bellio <ruggero.bellio@uniud.it>’
  
  No Authors@R field in DESCRIPTION.
  Please add one, modifying
    Authors@R: c(person(given = "Ruggero",
                        family = "Bellio",
                        role = c("aut", "cre"),
                        email = "ruggero.bellio@uniud.it"),
                 person(given = "Donald",
                        family = "Pierce",
                        role = "aut"))
  as necessary.
Flavors: r-devel-linux-x86_64-debian-clang, r-devel-linux-x86_64-debian-gcc