Last updated on 2025-11-01 01:50:35 CET.
| Flavor | Version | Tinstall | Tcheck | Ttotal | Status | Flags |
|---|---|---|---|---|---|---|
| r-devel-linux-x86_64-debian-clang | 4.2.1 | 135.90 | 549.64 | 685.54 | OK | |
| r-devel-linux-x86_64-debian-gcc | 4.2.1 | 93.31 | 322.60 | 415.91 | OK | |
| r-devel-linux-x86_64-fedora-clang | 4.2.1 | 224.00 | 896.07 | 1120.07 | OK | |
| r-devel-linux-x86_64-fedora-gcc | 4.2.1 | 1020.00 | 270.49 | 1290.49 | OK | |
| r-devel-windows-x86_64 | 4.2.1 | 146.00 | 488.00 | 634.00 | OK | |
| r-patched-linux-x86_64 | 4.2.1 | 135.65 | 513.56 | 649.21 | OK | |
| r-release-linux-x86_64 | 4.2.1 | 139.79 | 508.38 | 648.17 | OK | |
| r-release-macos-arm64 | 4.2.1 | 56.00 | 201.00 | 257.00 | OK | |
| r-release-macos-x86_64 | 4.2.1 | 104.00 | 657.00 | 761.00 | OK | |
| r-release-windows-x86_64 | 4.2.1 | 153.00 | 480.00 | 633.00 | OK | |
| r-oldrel-macos-arm64 | 4.2.1 | 50.00 | 229.00 | 279.00 | NOTE | |
| r-oldrel-macos-x86_64 | 4.2.1 | 100.00 | 715.00 | 815.00 | NOTE | |
| r-oldrel-windows-x86_64 | 4.2.1 | 177.00 | 684.00 | 861.00 | NOTE |
Version: 4.2.1
Check: installed package size
Result: NOTE
installed size is 13.7Mb
sub-directories of 1Mb or more:
R 1.1Mb
doc 1.0Mb
extdata 1.2Mb
libs 9.9Mb
Flavors: r-oldrel-macos-arm64, r-oldrel-macos-x86_64, r-oldrel-windows-x86_64