Last updated on 2024-08-25 02:48:25 CEST.
Flavor | Version | Tinstall | Tcheck | Ttotal | Status | Flags |
---|---|---|---|---|---|---|
r-devel-linux-x86_64-debian-clang | 3.11.1-2 | 650.07 | 20.30 | 670.37 | OK | |
r-devel-linux-x86_64-debian-gcc | 3.11.1-2 | 429.07 | 16.60 | 445.67 | OK | |
r-devel-linux-x86_64-fedora-clang | 3.11.1-2 | 1755.45 | OK | |||
r-devel-linux-x86_64-fedora-gcc | 3.11.1-2 | 1436.91 | OK | |||
r-devel-windows-x86_64 | 3.11.1-2 | 650.00 | 88.00 | 738.00 | OK | |
r-patched-linux-x86_64 | 3.11.1-2 | 606.34 | 19.85 | 626.19 | OK | |
r-release-linux-x86_64 | 3.11.1-2 | 601.74 | 19.63 | 621.37 | OK | |
r-release-macos-arm64 | 3.11.1-2 | 225.00 | NOTE | |||
r-release-macos-x86_64 | 3.11.1-2 | 172.00 | NOTE | |||
r-release-windows-x86_64 | 3.11.1-2 | 679.00 | 94.00 | 773.00 | OK | |
r-oldrel-macos-arm64 | 3.11.1-2 | 254.00 | NOTE | |||
r-oldrel-macos-x86_64 | 3.11.1-2 | 175.00 | NOTE | |||
r-oldrel-windows-x86_64 | 3.11.1-2 | 641.00 | 107.00 | 748.00 | OK |
Version: 3.11.1-2
Check: installed package size
Result: NOTE
installed size is 43.5Mb
sub-directories of 1Mb or more:
libs 43.3Mb
Flavors: r-release-macos-arm64, r-release-macos-x86_64, r-oldrel-macos-arm64, r-oldrel-macos-x86_64