Last updated on 2025-02-22 00:49:49 CET.
Flavor | Version | Tinstall | Tcheck | Ttotal | Status | Flags |
---|---|---|---|---|---|---|
r-devel-linux-x86_64-debian-clang | 0.0.9 | 14.37 | 41.58 | 55.95 | OK | |
r-devel-linux-x86_64-debian-gcc | 0.0.9 | 10.08 | 32.31 | 42.39 | OK | |
r-devel-linux-x86_64-fedora-clang | 0.0.9 | 87.40 | OK | |||
r-devel-linux-x86_64-fedora-gcc | 0.0.9 | 82.81 | OK | |||
r-devel-macos-arm64 | 0.0.9 | 30.00 | OK | |||
r-devel-macos-x86_64 | 0.0.9 | 55.00 | OK | |||
r-devel-windows-x86_64 | 0.0.9 | 13.00 | 77.00 | 90.00 | OK | |
r-patched-linux-x86_64 | 0.0.9 | 12.87 | 38.57 | 51.44 | OK | |
r-release-linux-x86_64 | 0.0.9 | 12.12 | 38.98 | 51.10 | OK | |
r-release-macos-arm64 | 0.0.9 | 29.00 | OK | |||
r-release-macos-x86_64 | 0.0.9 | 78.00 | OK | |||
r-release-windows-x86_64 | 0.0.9 | 14.00 | 71.00 | 85.00 | NOTE | |
r-oldrel-macos-arm64 | 0.0.9 | 32.00 | OK | |||
r-oldrel-macos-x86_64 | 0.0.9 | 57.00 | OK | |||
r-oldrel-windows-x86_64 | 0.0.9 | 13.00 | 105.00 | 118.00 | NOTE |
Version: 0.0.9
Check: package dependencies
Result: NOTE
Package suggested but not available for checking: 'rsyslog'
Flavors: r-release-windows-x86_64, r-oldrel-windows-x86_64