Last updated on 2025-10-31 00:51:07 CET.
| Flavor | Version | Tinstall | Tcheck | Ttotal | Status | Flags | 
|---|---|---|---|---|---|---|
| r-devel-linux-x86_64-debian-clang | 1.1 | 29.19 | 130.99 | 160.18 | OK | |
| r-devel-linux-x86_64-debian-gcc | 1.1 | 21.26 | 101.02 | 122.28 | OK | |
| r-devel-linux-x86_64-fedora-clang | 1.1 | 147.00 | 134.44 | 281.44 | NOTE | |
| r-devel-linux-x86_64-fedora-gcc | 1.1 | 67.00 | 221.82 | 288.82 | NOTE | |
| r-devel-windows-x86_64 | 1.1 | 32.00 | 172.00 | 204.00 | OK | |
| r-patched-linux-x86_64 | 1.1 | 32.38 | 145.32 | 177.70 | OK | |
| r-release-linux-x86_64 | 1.1 | 28.04 | 145.79 | 173.83 | OK | |
| r-release-macos-arm64 | 1.1 | 11.00 | 88.00 | 99.00 | OK | |
| r-release-macos-x86_64 | 1.1 | 23.00 | 209.00 | 232.00 | OK | |
| r-release-windows-x86_64 | 1.1 | 40.00 | 204.00 | 244.00 | OK | |
| r-oldrel-macos-arm64 | 1.1 | 13.00 | 86.00 | 99.00 | NOTE | |
| r-oldrel-macos-x86_64 | 1.1 | 32.00 | 177.00 | 209.00 | NOTE | |
| r-oldrel-windows-x86_64 | 1.1 | 43.00 | 227.00 | 270.00 | OK | 
Version: 1.1
Check: dependencies in R code
Result: NOTE
  Namespaces in Imports field not imported from:
    ‘ggplot2’ ‘knitr’ ‘purrr’ ‘rmarkdown’
    All declared Imports should be used.
Flavors: r-devel-linux-x86_64-fedora-clang, r-devel-linux-x86_64-fedora-gcc
Version: 1.1
Check: installed package size
Result: NOTE
    installed size is 11.4Mb
    sub-directories of 1Mb or more:
      data   1.8Mb
      libs   9.1Mb
Flavors: r-oldrel-macos-arm64, r-oldrel-macos-x86_64