Last updated on 2025-10-31 00:51:07 CET.
| Flavor | Version | Tinstall | Tcheck | Ttotal | Status | Flags | 
|---|---|---|---|---|---|---|
| r-devel-linux-x86_64-debian-clang | 1.2.1 | 5.56 | 35.71 | 41.27 | NOTE | |
| r-devel-linux-x86_64-debian-gcc | 1.2.1 | 4.71 | 28.34 | 33.05 | NOTE | |
| r-devel-linux-x86_64-fedora-clang | 1.2.1 | 23.00 | 39.80 | 62.80 | NOTE | |
| r-devel-linux-x86_64-fedora-gcc | 1.2.1 | 13.00 | 44.70 | 57.70 | NOTE | |
| r-devel-windows-x86_64 | 1.2.1 | 8.00 | 60.00 | 68.00 | NOTE | |
| r-patched-linux-x86_64 | 1.2.1 | 5.82 | 33.37 | 39.19 | NOTE | |
| r-release-linux-x86_64 | 1.2.1 | 5.27 | 32.76 | 38.03 | NOTE | |
| r-release-macos-arm64 | 1.2.1 | 3.00 | 21.00 | 24.00 | NOTE | |
| r-release-macos-x86_64 | 1.2.1 | 7.00 | 41.00 | 48.00 | NOTE | |
| r-release-windows-x86_64 | 1.2.1 | 10.00 | 63.00 | 73.00 | NOTE | |
| r-oldrel-macos-arm64 | 1.2.1 | 4.00 | 20.00 | 24.00 | NOTE | |
| r-oldrel-macos-x86_64 | 1.2.1 | 5.00 | 31.00 | 36.00 | NOTE | |
| r-oldrel-windows-x86_64 | 1.2.1 | 11.00 | 65.00 | 76.00 | NOTE | 
Version: 1.2.1
Check: CRAN incoming feasibility
Result: NOTE
  Maintainer: ‘Tyler Rinker <tyler.rinker@gmail.com>’
  
  Package CITATION file contains call(s) to old-style citEntry().  Please
  use bibentry() instead.
Flavors: r-devel-linux-x86_64-debian-clang, r-devel-linux-x86_64-debian-gcc
Version: 1.2.1
Check: Rd files
Result: NOTE
  checkRd: (-1) hash_sentiment_slangsd.Rd:28-37: Lost braces
      28 | article{DBLP:journals/corr/Wu-etal16,
         |        ^
  checkRd: (-1) hash_sentiment_slangsd.Rd:29: Lost braces; missing escapes or markup?
      29 |   author    = {Liang Wu and Fred Morstatter and Huan Liu},
         |               ^
  checkRd: (-1) hash_sentiment_slangsd.Rd:30-31: Lost braces
      30 |   title     = {SlangSD: Building and Using a Sentiment Dictionary of Slang 
         |               ^
  checkRd: (-1) hash_sentiment_slangsd.Rd:32: Lost braces; missing escapes or markup?
      32 |   journal   = {CoRR},
         |               ^
  checkRd: (-1) hash_sentiment_slangsd.Rd:33: Lost braces; missing escapes or markup?
      33 |   volume    = {abs/1608.05129},
         |               ^
  checkRd: (-1) hash_sentiment_slangsd.Rd:34: Lost braces; missing escapes or markup?
      34 |   year      = {2016},
         |               ^
  checkRd: (-1) hash_sentiment_slangsd.Rd:35: Lost braces; missing escapes or markup?
      35 |   url       = {http://arxiv.org/abs/1608.05129},
         |               ^
  checkRd: (-1) hash_sentiment_slangsd.Rd:36: Lost braces; missing escapes or markup?
      36 |   timestamp = {Wed, 17 Aug 2016 23:32:57 GMT}
         |               ^
  checkRd: (-1) sw_python.Rd:32: Lost braces; missing escapes or markup?
      32 | * Neither the name of the {organization} nor the names of its
         |                           ^
Flavors: r-devel-linux-x86_64-debian-clang, r-devel-linux-x86_64-debian-gcc, r-devel-linux-x86_64-fedora-clang, r-devel-linux-x86_64-fedora-gcc, r-devel-windows-x86_64, r-patched-linux-x86_64, r-release-linux-x86_64, r-release-macos-arm64, r-release-macos-x86_64, r-release-windows-x86_64, r-oldrel-macos-arm64, r-oldrel-macos-x86_64, r-oldrel-windows-x86_64