Last updated on 2025-10-31 00:51:07 CET.
| Flavor | Version | Tinstall | Tcheck | Ttotal | Status | Flags | 
|---|---|---|---|---|---|---|
| r-devel-linux-x86_64-debian-clang | 0.2-10 | 17.49 | 194.59 | 212.08 | NOTE | |
| r-devel-linux-x86_64-debian-gcc | 0.2-10 | 11.48 | 133.34 | 144.82 | NOTE | |
| r-devel-linux-x86_64-fedora-clang | 0.2-10 | 71.00 | 271.73 | 342.73 | OK | |
| r-devel-linux-x86_64-fedora-gcc | 0.2-10 | 33.00 | 283.22 | 316.22 | OK | |
| r-devel-windows-x86_64 | 0.2-10 | 18.00 | 210.00 | 228.00 | NOTE | |
| r-patched-linux-x86_64 | 0.2-10 | 17.79 | 181.82 | 199.61 | NOTE | |
| r-release-linux-x86_64 | 0.2-10 | 15.63 | 181.81 | 197.44 | NOTE | |
| r-release-macos-arm64 | 0.2-10 | 6.00 | 82.00 | 88.00 | OK | |
| r-release-macos-x86_64 | 0.2-10 | 13.00 | 152.00 | 165.00 | OK | |
| r-release-windows-x86_64 | 0.2-10 | 18.00 | 206.00 | 224.00 | NOTE | |
| r-oldrel-macos-arm64 | 0.2-10 | 7.00 | 84.00 | 91.00 | OK | |
| r-oldrel-macos-x86_64 | 0.2-10 | 11.00 | 121.00 | 132.00 | OK | |
| r-oldrel-windows-x86_64 | 0.2-10 | 24.00 | 263.00 | 287.00 | OK | 
Version: 0.2-10
Check: CRAN incoming feasibility
Result: NOTE
  Maintainer: ‘Stamatis Kalogirou <stamatis.science@gmail.com>’
  
  No Authors@R field in DESCRIPTION.
  Please add one, modifying
    Authors@R: person(given = "Stamatis",
                      family = "Kalogirou",
                      role = c("aut", "cre"),
                      email = "stamatis.science@gmail.com")
  as necessary.
Flavors: r-devel-linux-x86_64-debian-clang, r-devel-linux-x86_64-debian-gcc
Version: 0.2-10
Check: Rd cross-references
Result: NOTE
  Found the following Rd file(s) with Rd \link{} targets missing package
  anchors:
    gw.zi.Rd: zeroinfl
    gw.zi.bw.Rd: zeroinfl
    gw.zi.cv.Rd: zeroinfl
    gw.zi.light.Rd: zeroinfl
    gw.zi.mc.test.Rd: zeroinfl
  Please provide package anchors for all Rd \link{} targets not in the
  package itself and the base packages.
Flavors: r-devel-linux-x86_64-debian-clang, r-devel-linux-x86_64-debian-gcc, r-devel-windows-x86_64, r-patched-linux-x86_64, r-release-linux-x86_64, r-release-windows-x86_64