Last updated on 2025-02-22 00:49:48 CET.
Flavor | Version | Tinstall | Tcheck | Ttotal | Status | Flags |
---|---|---|---|---|---|---|
r-devel-linux-x86_64-debian-clang | 1.2 | 16.08 | 123.66 | 139.74 | OK | |
r-devel-linux-x86_64-debian-gcc | 1.2 | 11.99 | 89.28 | 101.27 | OK | |
r-devel-linux-x86_64-fedora-clang | 1.2 | 218.82 | OK | |||
r-devel-linux-x86_64-fedora-gcc | 1.2 | 205.87 | OK | |||
r-devel-macos-arm64 | 1.2 | 59.00 | OK | |||
r-devel-macos-x86_64 | 1.2 | 112.00 | OK | |||
r-devel-windows-x86_64 | 1.2 | 17.00 | 126.00 | 143.00 | OK | |
r-patched-linux-x86_64 | 1.2 | 14.35 | 115.97 | 130.32 | NOTE | |
r-release-linux-x86_64 | 1.2 | 14.56 | 114.36 | 128.92 | NOTE | |
r-release-macos-arm64 | 1.2 | 61.00 | NOTE | |||
r-release-macos-x86_64 | 1.2 | 87.00 | NOTE | |||
r-release-windows-x86_64 | 1.2 | 17.00 | 121.00 | 138.00 | NOTE | |
r-oldrel-macos-arm64 | 1.2 | 67.00 | NOTE | |||
r-oldrel-macos-x86_64 | 1.2 | 109.00 | NOTE | |||
r-oldrel-windows-x86_64 | 1.2 | 21.00 | 143.00 | 164.00 | NOTE |
Version: 1.2
Check: LazyData
Result: NOTE
'LazyData' is specified without a 'data' directory
Flavors: r-patched-linux-x86_64, r-release-linux-x86_64, r-release-macos-arm64, r-release-macos-x86_64, r-release-windows-x86_64, r-oldrel-macos-arm64, r-oldrel-macos-x86_64, r-oldrel-windows-x86_64