Last updated on 2025-02-22 00:49:48 CET.
Flavor | Version | Tinstall | Tcheck | Ttotal | Status | Flags |
---|---|---|---|---|---|---|
r-devel-linux-x86_64-debian-clang | 0.4.2 | 2.57 | 33.02 | 35.59 | NOTE | |
r-devel-linux-x86_64-debian-gcc | 0.4.2 | 2.02 | 25.39 | 27.41 | NOTE | |
r-devel-linux-x86_64-fedora-clang | 0.4.2 | 57.60 | NOTE | |||
r-devel-linux-x86_64-fedora-gcc | 0.4.2 | 66.89 | NOTE | |||
r-devel-macos-arm64 | 0.4.2 | 27.00 | OK | |||
r-devel-macos-x86_64 | 0.4.2 | 49.00 | OK | |||
r-devel-windows-x86_64 | 0.4.2 | 4.00 | 63.00 | 67.00 | NOTE | |
r-patched-linux-x86_64 | 0.4.2 | 2.90 | 31.28 | 34.18 | OK | |
r-release-linux-x86_64 | 0.4.2 | 2.41 | 31.15 | 33.56 | OK | |
r-release-macos-arm64 | 0.4.2 | 41.00 | OK | |||
r-release-macos-x86_64 | 0.4.2 | 47.00 | OK | |||
r-release-windows-x86_64 | 0.4.2 | 4.00 | 56.00 | 60.00 | OK | |
r-oldrel-macos-arm64 | 0.4.2 | 47.00 | OK | |||
r-oldrel-macos-x86_64 | 0.4.2 | 62.00 | OK | |||
r-oldrel-windows-x86_64 | 0.4.2 | 5.00 | 57.00 | 62.00 | OK |
Version: 0.4.2
Check: DESCRIPTION meta-information
Result: NOTE
Missing dependency on R >= 4.2.0 because package code uses the pipe
placeholder syntax added in R 4.2.0.
File(s) using such syntax:
‘main.R’ ‘operators.R’
Flavors: r-devel-linux-x86_64-debian-clang, r-devel-linux-x86_64-debian-gcc, r-devel-linux-x86_64-fedora-clang, r-devel-linux-x86_64-fedora-gcc, r-devel-windows-x86_64