Last updated on 2025-10-31 00:51:07 CET.
| Flavor | Version | Tinstall | Tcheck | Ttotal | Status | Flags | 
|---|---|---|---|---|---|---|
| r-devel-linux-x86_64-debian-clang | 1.0.3 | 2.99 | 53.50 | 56.49 | NOTE | |
| r-devel-linux-x86_64-debian-gcc | 1.0.3 | 2.19 | 40.72 | 42.91 | NOTE | |
| r-devel-linux-x86_64-fedora-clang | 1.0.3 | 14.00 | 71.09 | 85.09 | OK | |
| r-devel-linux-x86_64-fedora-gcc | 1.0.3 | 91.67 | OK | |||
| r-devel-windows-x86_64 | 1.0.3 | 5.00 | 69.00 | 74.00 | NOTE | |
| r-patched-linux-x86_64 | 1.0.3 | 2.68 | 49.88 | 52.56 | NOTE | |
| r-release-linux-x86_64 | 1.0.3 | 2.98 | 49.51 | 52.49 | NOTE | |
| r-release-macos-arm64 | 1.0.3 | 2.00 | 60.00 | 62.00 | OK | |
| r-release-macos-x86_64 | 1.0.3 | 4.00 | 82.00 | 86.00 | OK | |
| r-release-windows-x86_64 | 1.0.3 | 6.00 | 72.00 | 78.00 | NOTE | |
| r-oldrel-macos-arm64 | 1.0.3 | 2.00 | 36.00 | 38.00 | OK | |
| r-oldrel-macos-x86_64 | 1.0.3 | 2.00 | 49.00 | 51.00 | OK | |
| r-oldrel-windows-x86_64 | 1.0.3 | 6.00 | 80.00 | 86.00 | OK | 
Version: 1.0.3
Check: CRAN incoming feasibility
Result: NOTE
  Maintainer: ‘Jim Hester <james.f.hester@gmail.com>’
  
  No Authors@R field in DESCRIPTION.
  Please add one, modifying
    Authors@R: person(given = "Jim",
                      family = "Hester",
                      role = c("aut", "cre"),
                      email = "james.f.hester@gmail.com")
  as necessary.
Flavors: r-devel-linux-x86_64-debian-clang, r-devel-linux-x86_64-debian-gcc
Version: 1.0.3
Check: Rd cross-references
Result: NOTE
  Found the following Rd file(s) with Rd \link{} targets missing package
  anchors:
    knit_bootstrap_md.Rd: knit
  Please provide package anchors for all Rd \link{} targets not in the
  package itself and the base packages.
Flavors: r-devel-linux-x86_64-debian-clang, r-devel-linux-x86_64-debian-gcc, r-devel-windows-x86_64, r-patched-linux-x86_64, r-release-linux-x86_64, r-release-windows-x86_64