Last updated on 2024-08-25 02:48:24 CEST.
Flavor | Version | Tinstall | Tcheck | Ttotal | Status | Flags |
---|---|---|---|---|---|---|
r-devel-linux-x86_64-debian-clang | 1.1.2 | 15.75 | 44.56 | 60.31 | NOTE | |
r-devel-linux-x86_64-debian-gcc | 1.1.2 | 9.00 | 34.72 | 43.72 | NOTE | |
r-devel-linux-x86_64-fedora-clang | 1.1.2 | 99.10 | NOTE | |||
r-devel-linux-x86_64-fedora-gcc | 1.1.2 | 107.18 | NOTE | |||
r-devel-windows-x86_64 | 1.1.2 | 16.00 | 81.00 | 97.00 | NOTE | |
r-patched-linux-x86_64 | 1.1.2 | 12.16 | 42.76 | 54.92 | NOTE | |
r-release-linux-x86_64 | 1.1.2 | 13.16 | 42.43 | 55.59 | NOTE | |
r-release-macos-arm64 | 1.1.2 | 33.00 | NOTE | |||
r-release-macos-x86_64 | 1.1.2 | 51.00 | NOTE | |||
r-release-windows-x86_64 | 1.1.2 | 17.00 | 78.00 | 95.00 | NOTE | |
r-oldrel-macos-arm64 | 1.1.2 | 35.00 | NOTE | |||
r-oldrel-macos-x86_64 | 1.1.2 | 63.00 | NOTE | |||
r-oldrel-windows-x86_64 | 1.1.2 | 20.00 | 87.00 | 107.00 | NOTE |
Version: 1.1.2
Check: C++ specification
Result: NOTE
Specified C++11: please drop specification unless essential
Flavors: r-devel-linux-x86_64-debian-clang, r-devel-linux-x86_64-debian-gcc, r-devel-linux-x86_64-fedora-clang, r-devel-linux-x86_64-fedora-gcc, r-devel-windows-x86_64, r-patched-linux-x86_64, r-release-linux-x86_64, r-release-macos-arm64, r-release-macos-x86_64, r-release-windows-x86_64, r-oldrel-macos-arm64, r-oldrel-macos-x86_64, r-oldrel-windows-x86_64
Version: 1.1.2
Check: LazyData
Result: NOTE
'LazyData' is specified without a 'data' directory
Flavors: r-devel-linux-x86_64-debian-clang, r-devel-linux-x86_64-debian-gcc, r-devel-linux-x86_64-fedora-clang, r-devel-linux-x86_64-fedora-gcc, r-devel-windows-x86_64, r-patched-linux-x86_64, r-release-linux-x86_64, r-release-macos-arm64, r-release-macos-x86_64, r-release-windows-x86_64, r-oldrel-macos-arm64, r-oldrel-macos-x86_64, r-oldrel-windows-x86_64