Last updated on 2025-10-31 00:51:07 CET.
| Flavor | Version | Tinstall | Tcheck | Ttotal | Status | Flags | 
|---|---|---|---|---|---|---|
| r-devel-linux-x86_64-debian-clang | 1.0.0 | 1.78 | 31.42 | 33.20 | NOTE | |
| r-devel-linux-x86_64-debian-gcc | 1.0.0 | 1.32 | 25.71 | 27.03 | NOTE | |
| r-devel-linux-x86_64-fedora-clang | 1.0.0 | 50.76 | OK | |||
| r-devel-linux-x86_64-fedora-gcc | 1.0.0 | 58.19 | OK | |||
| r-devel-windows-x86_64 | 1.0.0 | 2.00 | 50.00 | 52.00 | OK | |
| r-patched-linux-x86_64 | 1.0.0 | 1.60 | 29.01 | 30.61 | OK | |
| r-release-linux-x86_64 | 1.0.0 | 1.75 | 29.07 | 30.82 | OK | |
| r-release-macos-arm64 | 1.0.0 | 1.00 | 27.00 | 28.00 | OK | |
| r-release-macos-x86_64 | 1.0.0 | 2.00 | 41.00 | 43.00 | OK | |
| r-release-windows-x86_64 | 1.0.0 | 5.00 | 50.00 | 55.00 | OK | |
| r-oldrel-macos-arm64 | 1.0.0 | 1.00 | 23.00 | 24.00 | OK | |
| r-oldrel-macos-x86_64 | 1.0.0 | 2.00 | 33.00 | 35.00 | OK | |
| r-oldrel-windows-x86_64 | 1.0.0 | 4.00 | 55.00 | 59.00 | OK | 
Version: 1.0.0
Check: CRAN incoming feasibility
Result: NOTE
  Maintainer: ‘Pablo Rodriguez-Sanchez <pablo.rodriguez.sanchez@gmail.com>’
  
  No Authors@R field in DESCRIPTION.
  Please add one, modifying
    Authors@R: c(person(given = "Pablo",
                        family = "Rodriguez-Sanchez",
                        role = c("aut", "cre"),
                        email = "pablo.rodriguez.sanchez@gmail.com",
                        comment = "https://pabrod.github.io"),
                 person(given = c("Sanne", "J.", "P."),
                        family = "van den Berg",
                        role = "aut",
                        comment = "https://www.wur.nl/en/Persons/Sanne-dr.-SJP-Sanne-van-den-Berg.htm"))
  as necessary.
Flavors: r-devel-linux-x86_64-debian-clang, r-devel-linux-x86_64-debian-gcc