Last updated on 2025-10-31 00:51:07 CET.
| Flavor | Version | Tinstall | Tcheck | Ttotal | Status | Flags | 
|---|---|---|---|---|---|---|
| r-devel-linux-x86_64-debian-clang | 0.7 | 7.86 | 60.50 | 68.36 | NOTE | |
| r-devel-linux-x86_64-debian-gcc | 0.7 | 5.51 | 46.09 | 51.60 | NOTE | |
| r-devel-linux-x86_64-fedora-clang | 0.7 | 34.00 | 77.33 | 111.33 | OK | |
| r-devel-linux-x86_64-fedora-gcc | 0.7 | 16.00 | 79.84 | 95.84 | OK | |
| r-devel-windows-x86_64 | 0.7 | 9.00 | 75.00 | 84.00 | OK | |
| r-patched-linux-x86_64 | 0.7 | 7.91 | 58.77 | 66.68 | OK | |
| r-release-linux-x86_64 | 0.7 | 7.75 | 58.73 | 66.48 | OK | |
| r-release-macos-arm64 | 0.7 | 4.00 | 31.00 | 35.00 | OK | |
| r-release-macos-x86_64 | 0.7 | 7.00 | 58.00 | 65.00 | OK | |
| r-release-windows-x86_64 | 0.7 | 9.00 | 77.00 | 86.00 | OK | |
| r-oldrel-macos-arm64 | 0.7 | 4.00 | 28.00 | 32.00 | OK | |
| r-oldrel-macos-x86_64 | 0.7 | 5.00 | 42.00 | 47.00 | OK | |
| r-oldrel-windows-x86_64 | 0.7 | 11.00 | 88.00 | 99.00 | OK | 
Version: 0.7
Check: CRAN incoming feasibility
Result: NOTE
  Maintainer: ‘Victor Moreno <v.moreno@iconcologia.net>’
  
  No Authors@R field in DESCRIPTION.
  Please add one, modifying
    Authors@R: c(person(given = "Victor",
                        family = "Moreno",
                        role = c("aut", "cre"),
                        email = "v.moreno@iconcologia.net"),
                 person(given = "Nilanjan",
                        family = "Chatterjee",
                        role = "aut"),
                 person(given = "Bhramar",
                        family = "Mukherjee",
                        role = "aut"))
  as necessary.
Flavors: r-devel-linux-x86_64-debian-clang, r-devel-linux-x86_64-debian-gcc