Last updated on 2025-02-22 00:49:48 CET.
Flavor | Version | Tinstall | Tcheck | Ttotal | Status | Flags |
---|---|---|---|---|---|---|
r-devel-linux-x86_64-debian-clang | 0.4.0 | 4.55 | 48.91 | 53.46 | NOTE | |
r-devel-linux-x86_64-debian-gcc | 0.4.0 | 3.12 | 34.12 | 37.24 | NOTE | |
r-devel-linux-x86_64-fedora-clang | 0.4.0 | 86.06 | NOTE | |||
r-devel-linux-x86_64-fedora-gcc | 0.4.0 | 81.49 | NOTE | |||
r-devel-macos-arm64 | 0.4.0 | 27.00 | OK | |||
r-devel-macos-x86_64 | 0.4.0 | 53.00 | NOTE | |||
r-devel-windows-x86_64 | 0.4.0 | 7.00 | 66.00 | 73.00 | NOTE | |
r-patched-linux-x86_64 | 0.4.0 | 4.15 | 44.68 | 48.83 | OK | |
r-release-linux-x86_64 | 0.4.0 | 3.98 | 46.23 | 50.21 | OK | |
r-release-macos-arm64 | 0.4.0 | 31.00 | OK | |||
r-release-macos-x86_64 | 0.4.0 | 56.00 | OK | |||
r-release-windows-x86_64 | 0.4.0 | 7.00 | 65.00 | 72.00 | OK | |
r-oldrel-macos-arm64 | 0.4.0 | 33.00 | OK | |||
r-oldrel-macos-x86_64 | 0.4.0 | 55.00 | OK | |||
r-oldrel-windows-x86_64 | 0.4.0 | 9.00 | 77.00 | 86.00 | OK |
Version: 0.4.0
Check: DESCRIPTION meta-information
Result: NOTE
Missing dependency on R >= 4.1.0 because package code uses the pipe
|> or function shorthand \(...) syntax added in R 4.1.0.
File(s) using such syntax:
‘kappa_inference.R’
Flavors: r-devel-linux-x86_64-debian-clang, r-devel-linux-x86_64-debian-gcc, r-devel-linux-x86_64-fedora-clang, r-devel-linux-x86_64-fedora-gcc, r-devel-macos-x86_64, r-devel-windows-x86_64