Last updated on 2025-10-31 00:51:06 CET.
| Flavor | Version | Tinstall | Tcheck | Ttotal | Status | Flags | 
|---|---|---|---|---|---|---|
| r-devel-linux-x86_64-debian-clang | 0.1.0 | 14.35 | 57.65 | 72.00 | NOTE | |
| r-devel-linux-x86_64-debian-gcc | 0.1.0 | 9.89 | 40.17 | 50.06 | NOTE | |
| r-devel-linux-x86_64-fedora-clang | 0.1.0 | 47.00 | 63.71 | 110.71 | NOTE | |
| r-devel-linux-x86_64-fedora-gcc | 0.1.0 | 33.00 | 67.63 | 100.63 | NOTE | |
| r-devel-windows-x86_64 | 0.1.0 | 18.00 | 86.00 | 104.00 | NOTE | |
| r-patched-linux-x86_64 | 0.1.0 | 13.17 | 52.81 | 65.98 | NOTE | |
| r-release-linux-x86_64 | 0.1.0 | 12.64 | 52.55 | 65.19 | NOTE | |
| r-release-macos-arm64 | 0.1.0 | 8.00 | 27.00 | 35.00 | NOTE | |
| r-release-macos-x86_64 | 0.1.0 | 10.00 | 38.00 | 48.00 | NOTE | |
| r-release-windows-x86_64 | 0.1.0 | 19.00 | 85.00 | 104.00 | NOTE | |
| r-oldrel-macos-arm64 | 0.1.0 | 7.00 | 22.00 | 29.00 | NOTE | |
| r-oldrel-macos-x86_64 | 0.1.0 | 11.00 | 34.00 | 45.00 | NOTE | |
| r-oldrel-windows-x86_64 | 0.1.0 | 23.00 | 110.00 | 133.00 | NOTE | 
Version: 0.1.0
Check: CRAN incoming feasibility
Result: NOTE
  Maintainer: ‘Neo Christopher Chung <nchchung@gmail.com>’
  
  No Authors@R field in DESCRIPTION.
  Please add one, modifying
    Authors@R: c(person(given = c("Neo", "Christopher"),
                        family = "Chung",
                        role = c("aut", "cre"),
                        email = "nchchung@gmail.com"),
                 person(given = "Błażej",
                        family = "Miasojedow",
                        role = "aut",
                        email = "bmiasojedow@gmail.com"),
                 person(given = "Michał",
                        family = "Startek",
                        role = "aut",
                        email = "M.Startek@mimuw.edu.pl"),
                 person(given = "Anna",
                        family = "Gambin",
                        role = "aut",
                        email = "aniag@mimuw.edu.pl"))
  as necessary.
Flavors: r-devel-linux-x86_64-debian-clang, r-devel-linux-x86_64-debian-gcc
Version: 0.1.0
Check: C++ specification
Result: NOTE
    Specified C++11: please drop specification unless essential
Flavors: r-devel-linux-x86_64-debian-clang, r-devel-linux-x86_64-debian-gcc, r-devel-linux-x86_64-fedora-clang, r-devel-linux-x86_64-fedora-gcc, r-devel-windows-x86_64, r-patched-linux-x86_64, r-release-linux-x86_64, r-release-macos-arm64, r-release-macos-x86_64, r-release-windows-x86_64, r-oldrel-macos-arm64, r-oldrel-macos-x86_64, r-oldrel-windows-x86_64
Version: 0.1.0
Check: Rd files
Result: NOTE
  checkRd: (-1) jaccard.test.Rd:41: Lost braces; missing escapes or markup?
      41 | The {bootstrap} method uses resampling with replacement binary vectors to compute a p-value (see optional arguments).
         |     ^
Flavors: r-devel-linux-x86_64-debian-clang, r-devel-linux-x86_64-debian-gcc, r-devel-linux-x86_64-fedora-clang, r-devel-linux-x86_64-fedora-gcc, r-devel-windows-x86_64, r-patched-linux-x86_64, r-release-linux-x86_64, r-release-macos-arm64, r-release-macos-x86_64, r-release-windows-x86_64, r-oldrel-macos-arm64, r-oldrel-macos-x86_64, r-oldrel-windows-x86_64
Version: 0.1.0
Check: dependencies in R code
Result: NOTE
  Namespaces in Imports field not imported from:
    ‘Rcpp’ ‘dplyr’ ‘magrittr’
    All declared Imports should be used.
Flavors: r-devel-linux-x86_64-fedora-clang, r-devel-linux-x86_64-fedora-gcc
Version: 0.1.0
Check: LazyData
Result: NOTE
    'LazyData' is specified without a 'data' directory
Flavors: r-oldrel-macos-arm64, r-oldrel-macos-x86_64, r-oldrel-windows-x86_64