Last updated on 2025-10-31 00:51:06 CET.
| Flavor | Version | Tinstall | Tcheck | Ttotal | Status | Flags | 
|---|---|---|---|---|---|---|
| r-devel-linux-x86_64-debian-clang | 1.0 | 5.92 | 99.83 | 105.75 | NOTE | |
| r-devel-linux-x86_64-debian-gcc | 1.0 | 3.50 | 70.82 | 74.32 | NOTE | |
| r-devel-linux-x86_64-fedora-clang | 1.0 | 24.00 | 139.31 | 163.31 | NOTE | |
| r-devel-linux-x86_64-fedora-gcc | 1.0 | 12.00 | 152.98 | 164.98 | NOTE | |
| r-devel-windows-x86_64 | 1.0 | 7.00 | 131.00 | 138.00 | NOTE | |
| r-patched-linux-x86_64 | 1.0 | 6.28 | 96.63 | 102.91 | NOTE | |
| r-release-linux-x86_64 | 1.0 | 4.09 | 95.89 | 99.98 | NOTE | |
| r-release-macos-arm64 | 1.0 | 2.00 | 58.00 | 60.00 | NOTE | |
| r-release-macos-x86_64 | 1.0 | 4.00 | 101.00 | 105.00 | NOTE | |
| r-release-windows-x86_64 | 1.0 | 8.00 | 129.00 | 137.00 | NOTE | |
| r-oldrel-macos-arm64 | 1.0 | 3.00 | 58.00 | 61.00 | OK | |
| r-oldrel-macos-x86_64 | 1.0 | 4.00 | 98.00 | 102.00 | OK | |
| r-oldrel-windows-x86_64 | 1.0 | 10.00 | 163.00 | 173.00 | OK | 
Version: 1.0
Check: DESCRIPTION meta-information
Result: NOTE
    Missing dependency on R >= 4.1.0 because package code uses the pipe
    |> or function shorthand \(...) syntax added in R 4.1.0.
    File(s) using such syntax:
      ‘iRNGStream.R’ ‘r_to_py.iteror.Rd’
Flavors: r-devel-linux-x86_64-debian-clang, r-devel-linux-x86_64-debian-gcc, r-devel-linux-x86_64-fedora-clang, r-devel-linux-x86_64-fedora-gcc, r-devel-windows-x86_64, r-patched-linux-x86_64, r-release-linux-x86_64, r-release-macos-arm64, r-release-macos-x86_64, r-release-windows-x86_64