Last updated on 2025-10-31 00:51:06 CET.
| Flavor | Version | Tinstall | Tcheck | Ttotal | Status | Flags | 
|---|---|---|---|---|---|---|
| r-devel-linux-x86_64-debian-clang | 3.0.4 | 6.77 | 48.56 | 55.33 | NOTE | |
| r-devel-linux-x86_64-debian-gcc | 3.0.4 | 4.67 | 35.08 | 39.75 | NOTE | |
| r-devel-linux-x86_64-fedora-clang | 3.0.4 | 20.00 | 72.14 | 92.14 | NOTE | |
| r-devel-linux-x86_64-fedora-gcc | 3.0.4 | 16.00 | 79.36 | 95.36 | NOTE | |
| r-devel-windows-x86_64 | 3.0.4 | 8.00 | 66.00 | 74.00 | OK | |
| r-patched-linux-x86_64 | 3.0.4 | 7.88 | 46.33 | 54.21 | OK | |
| r-release-linux-x86_64 | 3.0.4 | 6.44 | 46.64 | 53.08 | OK | |
| r-release-macos-arm64 | 3.0.4 | 3.00 | 36.00 | 39.00 | OK | |
| r-release-macos-x86_64 | 3.0.4 | 5.00 | 51.00 | 56.00 | OK | |
| r-release-windows-x86_64 | 3.0.4 | 10.00 | 68.00 | 78.00 | OK | |
| r-oldrel-macos-arm64 | 3.0.4 | 3.00 | 26.00 | 29.00 | OK | |
| r-oldrel-macos-x86_64 | 3.0.4 | 5.00 | 41.00 | 46.00 | OK | |
| r-oldrel-windows-x86_64 | 3.0.4 | 11.00 | 77.00 | 88.00 | OK | 
Version: 3.0.4
Check: CRAN incoming feasibility
Result: NOTE
  Maintainer: ‘Jun Park <jun.park@alumni.iu.edu>’
  
  No Authors@R field in DESCRIPTION.
  Please add one, modifying
    Authors@R: c(person(given = "Giorgos",
                        family = "Bakoyannis",
                        role = "aut",
                        email = "gbakogia@iu.edu"),
                 person(given = "Jun",
                        family = "Park",
                        role = c("aut", "cre"),
                        email = "jun.park@alumni.iu.edu"))
  as necessary.
  
  Package CITATION file contains call(s) to old-style personList() or
  as.personList().  Please use c() on person objects instead.
  Package CITATION file contains call(s) to old-style citEntry().  Please
  use bibentry() instead.
Flavors: r-devel-linux-x86_64-debian-clang, r-devel-linux-x86_64-debian-gcc
Version: 3.0.4
Check: dependencies in R code
Result: NOTE
  Namespace in Imports field not imported from: ‘splines2’
    All declared Imports should be used.
Flavors: r-devel-linux-x86_64-fedora-clang, r-devel-linux-x86_64-fedora-gcc