Last updated on 2025-10-31 00:51:06 CET.
| Flavor | Version | Tinstall | Tcheck | Ttotal | Status | Flags | 
|---|---|---|---|---|---|---|
| r-devel-linux-x86_64-debian-clang | 1.2-7 | 18.72 | 197.23 | 215.95 | OK | |
| r-devel-linux-x86_64-debian-gcc | 1.2-7 | 14.53 | 133.35 | 147.88 | OK | |
| r-devel-linux-x86_64-fedora-clang | 1.2-7 | 147.00 | 5566.15 | 5713.15 | ERROR | |
| r-devel-linux-x86_64-fedora-gcc | 1.2-7 | 113.00 | 5575.26 | 5688.26 | ERROR | |
| r-devel-windows-x86_64 | 1.2-7 | 19.00 | 172.00 | 191.00 | OK | |
| r-patched-linux-x86_64 | 1.2-7 | 19.52 | 185.39 | 204.91 | OK | |
| r-release-linux-x86_64 | 1.2-7 | 20.68 | 186.82 | 207.50 | OK | |
| r-release-macos-arm64 | 1.2-7 | 9.00 | 75.00 | 84.00 | OK | |
| r-release-macos-x86_64 | 1.2-7 | 17.00 | 154.00 | 171.00 | OK | |
| r-release-windows-x86_64 | 1.2-7 | 22.00 | 173.00 | 195.00 | OK | |
| r-oldrel-macos-arm64 | 1.2-7 | 9.00 | 79.00 | 88.00 | OK | |
| r-oldrel-macos-x86_64 | 1.2-7 | 17.00 | 167.00 | 184.00 | OK | |
| r-oldrel-windows-x86_64 | 1.2-7 | 28.00 | 229.00 | 257.00 | OK | 
Version: 1.2-7
Check: tests
Result: ERROR
    Running ‘anisotropyChoice.R’ [10s/33s]
    Running ‘biasCorr.R’ [10s/31s]
    Running ‘findLocalBias.R’ [9s/32s]
    Running ‘findRegionalBias.R’ [10s/37s]
    Running ‘optimizingTest.R’ [90m/76m]
  Running the tests in ‘tests/optimizingTest.R’ failed.
  Complete output:
    > options(error = recover)
    > #test = TRUE
    > test = FALSE
    > mantest = FALSE
    > set.seed(1)
    > library(intamapInteractive)
    Loading required package: intamap
    Loading required package: sp
    > library(gstat)
    > #require(maptools)
    > # for SIC2004 dataset
    > data(sic2004)
    > coordinates(sic.val) = ~x+y
    > observations = sic.val["dayx"] 
    > coordinates(sic.grid)=~x+y
    > predGrid = sic.grid
    > 
    > #Finding the polygon for the candidate locations
    > bb = bbox(predGrid)
    > boun = SpatialPoints(data.frame(x=c(bb[1,1],bb[1,2],bb[1,2],bb[1,1],bb[1,1]),
    +                                 y=c(bb[2,1],bb[2,1],bb[2,2],bb[2,2],bb[2,1])))
    > Srl = Polygons(list(Polygon(boun)),ID = as.character(1))
    > candidates = SpatialPolygonsDataFrame(SpatialPolygons(list(Srl)),
    +                                       data = data.frame(ID=1))
    > 
    > # Limits the number of prediction locations to have faster UK 
    > # computations
    > nGrid = dim(coordinates(predGrid))[1]
    > predGrid = predGrid[sample(seq(1,nGrid),1000),]
    > # Fits the variogram model (using function fit.variogram from package
    > # gstat)
    > model = fit.variogram(variogram(dayx~x+y, sic.val), vgm(50, "Sph", 250000, 250))
    > #plot(variogram(dayx~x+y, sic.val), model=model)
    > # Computes the Mukv of the current network
    > initMukv <- calculateMukv(observations, predGrid, model, formulaString = dayx~x+y)
    OMP: Warning #96: Cannot form a team with 24 threads, using 2 instead.
    OMP: Hint Consider unsetting KMP_DEVICE_THREAD_LIMIT (KMP_ALL_THREADS), KMP_TEAMS_THREAD_LIMIT, and OMP_THREAD_LIMIT (if any are set).
Flavor: r-devel-linux-x86_64-fedora-clang
Version: 1.2-7
Check: tests
Result: ERROR
    Running ‘anisotropyChoice.R’ [10s/10s]
    Running ‘biasCorr.R’ [10s/11s]
    Running ‘findLocalBias.R’
    Running ‘findRegionalBias.R’ [10s/11s]
    Running ‘optimizingTest.R’ [90m/84m]
  Running the tests in ‘tests/optimizingTest.R’ failed.
  Complete output:
    > options(error = recover)
    > #test = TRUE
    > test = FALSE
    > mantest = FALSE
    > set.seed(1)
    > library(intamapInteractive)
    Loading required package: intamap
    Loading required package: sp
    > library(gstat)
    > #require(maptools)
    > # for SIC2004 dataset
    > data(sic2004)
    > coordinates(sic.val) = ~x+y
    > observations = sic.val["dayx"] 
    > coordinates(sic.grid)=~x+y
    > predGrid = sic.grid
    > 
    > #Finding the polygon for the candidate locations
    > bb = bbox(predGrid)
    > boun = SpatialPoints(data.frame(x=c(bb[1,1],bb[1,2],bb[1,2],bb[1,1],bb[1,1]),
    +                                 y=c(bb[2,1],bb[2,1],bb[2,2],bb[2,2],bb[2,1])))
    > Srl = Polygons(list(Polygon(boun)),ID = as.character(1))
    > candidates = SpatialPolygonsDataFrame(SpatialPolygons(list(Srl)),
    +                                       data = data.frame(ID=1))
    > 
    > # Limits the number of prediction locations to have faster UK 
    > # computations
    > nGrid = dim(coordinates(predGrid))[1]
    > predGrid = predGrid[sample(seq(1,nGrid),1000),]
    > # Fits the variogram model (using function fit.variogram from package
    > # gstat)
    > model = fit.variogram(variogram(dayx~x+y, sic.val), vgm(50, "Sph", 250000, 250))
    > #plot(variogram(dayx~x+y, sic.val), model=model)
    > # Computes the Mukv of the current network
    > initMukv <- calculateMukv(observations, predGrid, model, formulaString = dayx~x+y)
Flavor: r-devel-linux-x86_64-fedora-gcc