Last updated on 2025-10-31 00:51:06 CET.
| Flavor | Version | Tinstall | Tcheck | Ttotal | Status | Flags | 
|---|---|---|---|---|---|---|
| r-devel-linux-x86_64-debian-clang | 1.1.0 | 7.46 | 74.39 | 81.85 | NOTE | |
| r-devel-linux-x86_64-debian-gcc | 1.1.0 | 5.35 | 54.96 | 60.31 | NOTE | |
| r-devel-linux-x86_64-fedora-clang | 1.1.0 | 32.00 | 181.27 | 213.27 | NOTE | |
| r-devel-linux-x86_64-fedora-gcc | 1.1.0 | 18.00 | 187.41 | 205.41 | NOTE | |
| r-devel-windows-x86_64 | 1.1.0 | 9.00 | 93.00 | 102.00 | NOTE | |
| r-patched-linux-x86_64 | 1.1.0 | 6.84 | 68.75 | 75.59 | NOTE | |
| r-release-linux-x86_64 | 1.1.0 | 6.94 | 69.37 | 76.31 | NOTE | |
| r-release-macos-arm64 | 1.1.0 | 3.00 | 53.00 | 56.00 | NOTE | |
| r-release-macos-x86_64 | 1.1.0 | 5.00 | 64.00 | 69.00 | NOTE | |
| r-release-windows-x86_64 | 1.1.0 | 9.00 | 94.00 | 103.00 | NOTE | |
| r-oldrel-macos-arm64 | 1.1.0 | 3.00 | 46.00 | 49.00 | NOTE | |
| r-oldrel-macos-x86_64 | 1.1.0 | 5.00 | 67.00 | 72.00 | NOTE | |
| r-oldrel-windows-x86_64 | 1.1.0 | 12.00 | 114.00 | 126.00 | ERROR | 
Version: 1.1.0
Check: DESCRIPTION meta-information
Result: NOTE
    Missing dependency on R >= 4.1.0 because package code uses the pipe
    |> or function shorthand \(...) syntax added in R 4.1.0.
    File(s) using such syntax:
      ‘plot_functions.R’
Flavors: r-devel-linux-x86_64-debian-clang, r-devel-linux-x86_64-debian-gcc, r-devel-linux-x86_64-fedora-clang, r-devel-linux-x86_64-fedora-gcc, r-devel-windows-x86_64, r-patched-linux-x86_64, r-release-linux-x86_64, r-release-macos-arm64, r-release-macos-x86_64, r-release-windows-x86_64
Version: 1.1.0
Check: package dependencies
Result: NOTE
  Package suggested but not available for checking: ‘INLA’
Flavors: r-oldrel-macos-arm64, r-oldrel-macos-x86_64
Version: 1.1.0
Check: re-building of vignette outputs
Result: ERROR
  Error(s) in re-building vignettes:
  --- re-building 'building_models_without_inlamemi.Rmd' using rmarkdown
  --- finished re-building 'building_models_without_inlamemi.Rmd'
  
  --- re-building 'framingham_heart_study.Rmd' using rmarkdown
  File figure/unnamed-chunk-6-1.png not found in resource path
  Error: processing vignette 'framingham_heart_study.Rmd' failed with diagnostics:
  pandoc document conversion failed with error 99
  --- failed re-building 'framingham_heart_study.Rmd'
  
  --- re-building 'modifying_default_plot.Rmd' using rmarkdown
  File figure/unnamed-chunk-3-1.png not found in resource path
  Error: processing vignette 'modifying_default_plot.Rmd' failed with diagnostics:
  pandoc document conversion failed with error 99
  --- failed re-building 'modifying_default_plot.Rmd'
  
  --- re-building 'multiple_error_variables.Rmd' using rmarkdown
  File figure/unnamed-chunk-8-1.png not found in resource path
  Error: processing vignette 'multiple_error_variables.Rmd' failed with diagnostics:
  pandoc document conversion failed with error 99
  --- failed re-building 'multiple_error_variables.Rmd'
  
  --- re-building 'nhanes_survival_model.Rmd' using rmarkdown
  File figure/unnamed-chunk-5-1.png not found in resource path
  Error: processing vignette 'nhanes_survival_model.Rmd' failed with diagnostics:
  pandoc document conversion failed with error 99
  --- failed re-building 'nhanes_survival_model.Rmd'
  
  --- re-building 'simulated_examples.Rmd' using rmarkdown
  File figure/unnamed-chunk-4-1.png not found in resource path
  Error: processing vignette 'simulated_examples.Rmd' failed with diagnostics:
  pandoc document conversion failed with error 99
  --- failed re-building 'simulated_examples.Rmd'
  
  --- re-building 'visualize_model_structure.Rmd' using rmarkdown
  --- finished re-building 'visualize_model_structure.Rmd'
  
  SUMMARY: processing the following files failed:
    'framingham_heart_study.Rmd' 'modifying_default_plot.Rmd'
    'multiple_error_variables.Rmd' 'nhanes_survival_model.Rmd'
    'simulated_examples.Rmd'
  
  Error: Vignette re-building failed.
  Execution halted
Flavor: r-oldrel-windows-x86_64