Last updated on 2024-08-25 02:48:24 CEST.
Flavor | Version | Tinstall | Tcheck | Ttotal | Status | Flags |
---|---|---|---|---|---|---|
r-devel-linux-x86_64-debian-clang | 1.0.5 | 169.88 | 122.69 | 292.57 | OK | |
r-devel-linux-x86_64-debian-gcc | 1.0.8 | 134.41 | 84.34 | 218.75 | OK | |
r-devel-linux-x86_64-fedora-clang | 1.0.5 | 544.99 | OK | |||
r-devel-linux-x86_64-fedora-gcc | 1.0.8 | 601.86 | OK | |||
r-devel-windows-x86_64 | 1.0.5 | 184.00 | 163.00 | 347.00 | OK | |
r-patched-linux-x86_64 | 1.0.5 | 157.86 | 116.03 | 273.89 | OK | |
r-release-linux-x86_64 | 1.0.5 | 157.30 | 116.78 | 274.08 | OK | |
r-release-macos-arm64 | 1.0.8 | 129.00 | NOTE | |||
r-release-macos-x86_64 | 1.0.8 | 289.00 | NOTE | |||
r-release-windows-x86_64 | 1.0.5 | 185.00 | 162.00 | 347.00 | OK | |
r-oldrel-macos-arm64 | 1.0.8 | 129.00 | NOTE | |||
r-oldrel-macos-x86_64 | 1.0.8 | 275.00 | NOTE | |||
r-oldrel-windows-x86_64 | 1.0.5 | 227.00 | 200.00 | 427.00 | OK |
Version: 1.0.8
Check: installed package size
Result: NOTE
installed size is 12.4Mb
sub-directories of 1Mb or more:
libs 11.1Mb
Flavors: r-release-macos-arm64, r-release-macos-x86_64, r-oldrel-macos-arm64, r-oldrel-macos-x86_64