Last updated on 2025-10-31 00:51:06 CET.
| Flavor | Version | Tinstall | Tcheck | Ttotal | Status | Flags | 
|---|---|---|---|---|---|---|
| r-devel-linux-x86_64-debian-clang | 1.0.0 | 483.09 | 195.10 | 678.19 | NOTE | |
| r-devel-linux-x86_64-debian-gcc | 1.0.0 | 437.22 | 177.57 | 614.79 | NOTE | |
| r-devel-linux-x86_64-fedora-clang | 1.0.0 | 2100.00 | -951.29 | 1148.71 | NOTE | |
| r-devel-linux-x86_64-fedora-gcc | 1.0.0 | 1440.00 | -60.23 | 1379.77 | NOTE | |
| r-devel-windows-x86_64 | 1.0.0 | 577.00 | 244.00 | 821.00 | NOTE | |
| r-patched-linux-x86_64 | 1.0.0 | 572.68 | 237.32 | 810.00 | NOTE | |
| r-release-linux-x86_64 | 1.0.0 | 582.09 | 237.83 | 819.92 | NOTE | |
| r-release-macos-arm64 | 1.0.0 | 213.00 | 73.00 | 286.00 | NOTE | |
| r-release-macos-x86_64 | 1.0.0 | 188.00 | 154.00 | 342.00 | NOTE | |
| r-release-windows-x86_64 | 1.0.0 | 571.00 | 246.00 | 817.00 | NOTE | |
| r-oldrel-macos-arm64 | 1.0.0 | 104.00 | 44.00 | 148.00 | NOTE | |
| r-oldrel-macos-x86_64 | 1.0.0 | 72.00 | 75.00 | 147.00 | NOTE | |
| r-oldrel-windows-x86_64 | 1.0.0 | 630.00 | 316.00 | 946.00 | NOTE | 
Version: 1.0.0
Check: DESCRIPTION meta-information
Result: NOTE
    Missing dependency on R >= 4.1.0 because package code uses the pipe
    |> or function shorthand \(...) syntax added in R 4.1.0.
    File(s) using such syntax:
      ‘blm.R’ ‘checkBaseline.R’ ‘cleaning.R’ ‘countMissing.R’
      ‘getStanParameter.R’ ‘logit.R’ ‘negativeBionomial.R’
Flavors: r-devel-linux-x86_64-debian-clang, r-devel-linux-x86_64-debian-gcc, r-devel-linux-x86_64-fedora-clang, r-devel-linux-x86_64-fedora-gcc, r-devel-windows-x86_64, r-patched-linux-x86_64, r-release-linux-x86_64, r-release-macos-arm64, r-release-macos-x86_64, r-release-windows-x86_64
Version: 1.0.0
Check: installed package size
Result: NOTE
    installed size is 93.2Mb
    sub-directories of 1Mb or more:
      libs  92.5Mb
Flavors: r-oldrel-macos-arm64, r-oldrel-macos-x86_64, r-oldrel-windows-x86_64
Version: 1.0.0
Check: for GNU extensions in Makefiles
Result: NOTE
  GNU make is a SystemRequirements.
Flavors: r-oldrel-macos-arm64, r-oldrel-macos-x86_64, r-oldrel-windows-x86_64