CRAN Package Check Results for Package igraphinshiny

Last updated on 2025-02-22 00:49:47 CET.

Flavor Version Tinstall Tcheck Ttotal Status Flags
r-devel-linux-x86_64-debian-clang 0.1 2.98 29.36 32.34 OK
r-devel-linux-x86_64-debian-gcc 0.1 2.67 22.40 25.07 OK
r-devel-linux-x86_64-fedora-clang 0.1 51.09 OK
r-devel-linux-x86_64-fedora-gcc 0.1 49.60 OK
r-devel-macos-arm64 0.1 23.00 OK
r-devel-macos-x86_64 0.1 36.00 OK
r-devel-windows-x86_64 0.1 5.00 50.00 55.00 OK
r-patched-linux-x86_64 0.1 3.41 28.17 31.58 NOTE
r-release-linux-x86_64 0.1 3.42 28.35 31.77 NOTE
r-release-macos-arm64 0.1 20.00 NOTE
r-release-macos-x86_64 0.1 30.00 NOTE
r-release-windows-x86_64 0.1 6.00 48.00 54.00 NOTE
r-oldrel-macos-arm64 0.1 21.00 NOTE
r-oldrel-macos-x86_64 0.1 29.00 NOTE
r-oldrel-windows-x86_64 0.1 5.00 75.00 80.00 NOTE

Check Details

Version: 0.1
Check: LazyData
Result: NOTE 'LazyData' is specified without a 'data' directory Flavors: r-patched-linux-x86_64, r-release-linux-x86_64, r-release-macos-arm64, r-release-macos-x86_64, r-release-windows-x86_64, r-oldrel-macos-arm64, r-oldrel-macos-x86_64, r-oldrel-windows-x86_64