Last updated on 2025-10-31 00:51:06 CET.
| Flavor | Version | Tinstall | Tcheck | Ttotal | Status | Flags | 
|---|---|---|---|---|---|---|
| r-devel-linux-x86_64-debian-clang | 1.3 | 1.69 | 22.75 | 24.44 | NOTE | |
| r-devel-linux-x86_64-debian-gcc | 1.3 | 1.57 | 18.28 | 19.85 | NOTE | |
| r-devel-linux-x86_64-fedora-clang | 1.3 | 10.00 | 27.46 | 37.46 | OK | |
| r-devel-linux-x86_64-fedora-gcc | 1.3 | 33.28 | OK | |||
| r-devel-windows-x86_64 | 1.3 | 3.00 | 43.00 | 46.00 | OK | |
| r-patched-linux-x86_64 | 1.3 | 1.97 | 21.41 | 23.38 | OK | |
| r-release-linux-x86_64 | 1.3 | 1.93 | 21.45 | 23.38 | OK | |
| r-release-macos-arm64 | 1.3 | 1.00 | 15.00 | 16.00 | OK | |
| r-release-macos-x86_64 | 1.3 | 2.00 | 22.00 | 24.00 | OK | |
| r-release-windows-x86_64 | 1.3 | 4.00 | 51.00 | 55.00 | OK | |
| r-oldrel-macos-arm64 | 1.3 | 1.00 | 14.00 | 15.00 | OK | |
| r-oldrel-macos-x86_64 | 1.3 | 2.00 | 19.00 | 21.00 | OK | |
| r-oldrel-windows-x86_64 | 1.3 | 3.00 | 44.00 | 47.00 | OK | 
Version: 1.3
Check: CRAN incoming feasibility
Result: NOTE
  Maintainer: ‘Qunhua Li <qunhua.li@psu.edu>’
  
  No Authors@R field in DESCRIPTION.
  Please add one, modifying
    Authors@R: person(given = "Qunhua",
                      family = "Li",
                      role = c("aut", "cre"),
                      email = "qunhua.li@psu.edu")
  as necessary.
Flavors: r-devel-linux-x86_64-debian-clang, r-devel-linux-x86_64-debian-gcc