Last updated on 2025-10-31 00:51:06 CET.
| Flavor | Version | Tinstall | Tcheck | Ttotal | Status | Flags | 
|---|---|---|---|---|---|---|
| r-devel-linux-x86_64-debian-clang | 0.2.1 | 9.97 | 63.96 | 73.93 | NOTE | |
| r-devel-linux-x86_64-debian-gcc | 0.2.1 | 5.88 | 46.98 | 52.86 | NOTE | |
| r-devel-linux-x86_64-fedora-clang | 0.2.1 | 24.00 | 89.40 | 113.40 | OK | |
| r-devel-linux-x86_64-fedora-gcc | 0.2.1 | 20.00 | 79.61 | 99.61 | OK | |
| r-devel-windows-x86_64 | 0.2.1 | 10.00 | 76.00 | 86.00 | OK | |
| r-patched-linux-x86_64 | 0.2.1 | 8.17 | 59.61 | 67.78 | OK | |
| r-release-linux-x86_64 | 0.2.1 | 9.10 | 60.13 | 69.23 | OK | |
| r-release-macos-arm64 | 0.2.1 | 3.00 | 26.00 | 29.00 | OK | |
| r-release-macos-x86_64 | 0.2.1 | 7.00 | 47.00 | 54.00 | OK | |
| r-release-windows-x86_64 | 0.2.1 | 10.00 | 79.00 | 89.00 | OK | |
| r-oldrel-macos-arm64 | 0.2.1 | 4.00 | 31.00 | 35.00 | OK | |
| r-oldrel-macos-x86_64 | 0.2.1 | 5.00 | 39.00 | 44.00 | OK | |
| r-oldrel-windows-x86_64 | 0.2.1 | 14.00 | 99.00 | 113.00 | OK | 
Version: 0.2.1
Check: CRAN incoming feasibility
Result: NOTE
  Maintainer: ‘Michael Scholz <michael.scholz@th-deg.de>’
  
  No Authors@R field in DESCRIPTION.
  Please add one, modifying
    Authors@R: person(given = "Michael",
                      family = "Scholz",
                      role = c("aut", "cre"),
                      email = "michael.scholz@th-deg.de")
  as necessary.
Flavors: r-devel-linux-x86_64-debian-clang, r-devel-linux-x86_64-debian-gcc