Last updated on 2025-10-31 00:51:06 CET.
| Flavor | Version | Tinstall | Tcheck | Ttotal | Status | Flags | 
|---|---|---|---|---|---|---|
| r-devel-linux-x86_64-debian-clang | 0.5.3 | 12.81 | 164.05 | 176.86 | NOTE | |
| r-devel-linux-x86_64-debian-gcc | 0.5.3 | 8.37 | 109.54 | 117.91 | NOTE | |
| r-devel-linux-x86_64-fedora-clang | 0.5.3 | 27.00 | 228.30 | 255.30 | NOTE | |
| r-devel-linux-x86_64-fedora-gcc | 0.5.3 | 56.00 | 220.18 | 276.18 | NOTE | |
| r-devel-windows-x86_64 | 0.5.3 | 14.00 | 154.00 | 168.00 | OK | |
| r-patched-linux-x86_64 | 0.5.3 | 14.46 | 162.50 | 176.96 | OK | |
| r-release-linux-x86_64 | 0.5.3 | 13.73 | 162.33 | 176.06 | OK | |
| r-release-macos-arm64 | 0.5.3 | 33.00 | 252.00 | 285.00 | ERROR | |
| r-release-macos-x86_64 | 0.5.3 | 30.00 | 383.00 | 413.00 | OK | |
| r-release-windows-x86_64 | 0.5.3 | 14.00 | 153.00 | 167.00 | OK | |
| r-oldrel-macos-arm64 | 0.5.3 | 22.00 | 220.00 | 242.00 | OK | |
| r-oldrel-macos-x86_64 | 0.5.3 | 27.00 | 382.00 | 409.00 | OK | |
| r-oldrel-windows-x86_64 | 0.5.3 | 21.00 | 218.00 | 239.00 | OK | 
Version: 0.5.3
Check: Rd files
Result: NOTE
  checkRd: (-1) df.flys.Rd:31: height/width attributes should be in pixels
Flavors: r-devel-linux-x86_64-debian-clang, r-devel-linux-x86_64-debian-gcc, r-devel-linux-x86_64-fedora-clang, r-devel-linux-x86_64-fedora-gcc
Version: 0.5.3
Check: examples
Result: ERROR
  Running examples in ‘hyd1d-Ex.R’ failed
  The error most likely occurred in:
  
  > ### Name: getPegelonlineW
  > ### Title: Get W from pegelonline.wsv.de for the specified gauging station
  > ###   and time
  > ### Aliases: getPegelonlineW
  > 
  > ### ** Examples
  > 
  > ## Don't show: 
  > if (hyd1d:::.pegelonline_status()) (if (getRversion() >= "3.4") withAutoprint else force)({ # examplesIf
  + ## End(Don't show)
  +    getPegelonlineW(gauging_station = "DESSAU", time = Sys.time() - 3600)
  +    getPegelonlineW(gauging_station = "DESSAU", time = Sys.Date() - 1)
  + ## Don't show: 
  + }) # examplesIf
  > getPegelonlineW(gauging_station = "DESSAU", time = Sys.time() - 3600)
  Error in xy.coords(x, y, setLab = FALSE) : 
    'x' is a list, but does not have components 'x' and 'y'
  Calls: <Anonymous> ... getPegelonlineW -> <Anonymous> -> regularize.values -> xy.coords
  Execution halted
Flavor: r-release-macos-arm64
Version: 0.5.3
Check: re-building of vignette outputs
Result: ERROR
  Error(s) in re-building vignettes:
  --- re-building ‘hyd1d.Rmd’ using rmarkdown
  
  Quitting from hyd1d.Rmd:359-390 [figure2]
  ~~~~~~~~~~~~~~~~~~~~~~~~~~~~~~~~~~~~~~~~~~~~~~~~~~~~~~~~~~~~~~~~~~~~~~~~~~~~~~~~
  <error/rlang_error>
  Error in `if (length(s_gauging_stations_missing) == 1 & is.na(s_gauging_stations_missing)) ...`:
  ! the condition has length > 1
  ---
  Backtrace:
      ▆
   1. ├─base::summary(wldf)
   2. └─hyd1d:::summary.WaterLevelDataFrame(wldf)
  ~~~~~~~~~~~~~~~~~~~~~~~~~~~~~~~~~~~~~~~~~~~~~~~~~~~~~~~~~~~~~~~~~~~~~~~~~~~~~~~~
  
  Error: processing vignette 'hyd1d.Rmd' failed with diagnostics:
  the condition has length > 1
  --- failed re-building ‘hyd1d.Rmd’
  
  --- re-building ‘vignette_DE.Rmd’ using rmarkdown
  
  Quitting from vignette_DE.Rmd:1172-1198 [figure15]
  ~~~~~~~~~~~~~~~~~~~~~~~~~~~~~~~~~~~~~~~~~~~~~~~~~~~~~~~~~~~~~~~~~~~~~~~~~~~~~~~~
  <error/rlang_error>
  Error in `if (length(s_gauging_stations_missing) == 1 & is.na(s_gauging_stations_missing)) ...`:
  ! the condition has length > 1
  ---
  Backtrace:
      ▆
   1. ├─base::summary(wldf)
   2. └─hyd1d:::summary.WaterLevelDataFrame(wldf)
  ~~~~~~~~~~~~~~~~~~~~~~~~~~~~~~~~~~~~~~~~~~~~~~~~~~~~~~~~~~~~~~~~~~~~~~~~~~~~~~~~
  
  Error: processing vignette 'vignette_DE.Rmd' failed with diagnostics:
  the condition has length > 1
  --- failed re-building ‘vignette_DE.Rmd’
  
  SUMMARY: processing the following files failed:
    ‘hyd1d.Rmd’ ‘vignette_DE.Rmd’
  
  Error: Vignette re-building failed.
  Execution halted
Flavor: r-release-macos-arm64