Last updated on 2024-08-25 02:48:23 CEST.
Flavor | Version | Tinstall | Tcheck | Ttotal | Status | Flags |
---|---|---|---|---|---|---|
r-devel-linux-x86_64-debian-clang | 2.0.2 | 245.77 | 178.20 | 423.97 | NOTE | |
r-devel-linux-x86_64-debian-gcc | 2.0.2 | 218.60 | 143.11 | 361.71 | NOTE | |
r-devel-linux-x86_64-fedora-clang | 2.0.2 | 681.29 | NOTE | |||
r-devel-linux-x86_64-fedora-gcc | 2.0.2 | 863.67 | NOTE | |||
r-devel-windows-x86_64 | 2.0.2 | 240.00 | 244.00 | 484.00 | NOTE | |
r-patched-linux-x86_64 | 2.0.2 | 257.94 | 190.97 | 448.91 | NOTE | |
r-release-linux-x86_64 | 2.0.2 | 251.11 | 189.90 | 441.01 | NOTE | |
r-release-macos-arm64 | 2.0.2 | 192.00 | NOTE | |||
r-release-macos-x86_64 | 2.0.2 | 261.00 | NOTE | |||
r-release-windows-x86_64 | 2.0.2 | 256.00 | 240.00 | 496.00 | NOTE | |
r-oldrel-macos-arm64 | 2.0.2 | 160.00 | NOTE | |||
r-oldrel-macos-x86_64 | 2.0.2 | 259.00 | NOTE | |||
r-oldrel-windows-x86_64 | 2.0.2 | 306.00 | 302.00 | 608.00 | NOTE |
Version: 2.0.2
Check: Rd files
Result: NOTE
checkRd: (-1) simgl.Rd:50: Lost braces; missing escapes or markup?
50 | Uses the {updog} R package for simulating read counts and generating
| ^
Flavors: r-devel-linux-x86_64-debian-clang, r-devel-linux-x86_64-debian-gcc, r-devel-linux-x86_64-fedora-clang, r-devel-linux-x86_64-fedora-gcc, r-devel-windows-x86_64, r-patched-linux-x86_64, r-release-linux-x86_64, r-release-macos-arm64, r-release-macos-x86_64, r-release-windows-x86_64
Version: 2.0.2
Check: Rd cross-references
Result: NOTE
Found the following Rd file(s) with Rd \link{} targets missing package
anchors:
hwep-package.Rd: future
Please provide package anchors for all Rd \link{} targets not in the
package itself and the base packages.
Flavors: r-devel-linux-x86_64-debian-clang, r-devel-linux-x86_64-debian-gcc, r-devel-windows-x86_64
Version: 2.0.2
Check: for GNU extensions in Makefiles
Result: NOTE
GNU make is a SystemRequirements.
Flavors: r-devel-linux-x86_64-debian-clang, r-devel-linux-x86_64-debian-gcc, r-devel-linux-x86_64-fedora-clang, r-devel-linux-x86_64-fedora-gcc, r-devel-windows-x86_64, r-patched-linux-x86_64, r-release-linux-x86_64, r-release-macos-arm64, r-release-macos-x86_64, r-release-windows-x86_64, r-oldrel-macos-arm64, r-oldrel-macos-x86_64, r-oldrel-windows-x86_64
Version: 2.0.2
Check: installed package size
Result: NOTE
installed size is 50.2Mb
sub-directories of 1Mb or more:
libs 49.6Mb
Flavors: r-release-macos-arm64, r-release-macos-x86_64, r-oldrel-macos-arm64, r-oldrel-macos-x86_64