Last updated on 2025-10-31 00:51:05 CET.
| Flavor | Version | Tinstall | Tcheck | Ttotal | Status | Flags | 
|---|---|---|---|---|---|---|
| r-devel-linux-x86_64-debian-clang | 0.2.0 | 2.94 | 33.94 | 36.88 | NOTE | |
| r-devel-linux-x86_64-debian-gcc | 0.2.0 | 2.55 | 26.97 | 29.52 | NOTE | |
| r-devel-linux-x86_64-fedora-clang | 0.2.0 | 53.36 | OK | |||
| r-devel-linux-x86_64-fedora-gcc | 0.2.0 | 50.39 | OK | |||
| r-devel-windows-x86_64 | 0.2.0 | 5.00 | 55.00 | 60.00 | OK | |
| r-patched-linux-x86_64 | 0.2.0 | 2.52 | 31.42 | 33.94 | OK | |
| r-release-linux-x86_64 | 0.2.0 | 2.53 | 31.61 | 34.14 | OK | |
| r-release-macos-arm64 | 0.2.0 | 2.00 | 22.00 | 24.00 | OK | |
| r-release-macos-x86_64 | 0.2.0 | 3.00 | 35.00 | 38.00 | OK | |
| r-release-windows-x86_64 | 0.2.0 | 5.00 | 56.00 | 61.00 | OK | |
| r-oldrel-macos-arm64 | 0.2.0 | 2.00 | 20.00 | 22.00 | OK | |
| r-oldrel-macos-x86_64 | 0.2.0 | 3.00 | 27.00 | 30.00 | OK | |
| r-oldrel-windows-x86_64 | 0.2.0 | 7.00 | 61.00 | 68.00 | OK | 
Version: 0.2.0
Check: CRAN incoming feasibility
Result: NOTE
  Maintainer: ‘Scott Chamberlain <myrmecocystus@gmail.com>’
  
  Found the following (possibly) invalid file URI:
    URI: CODE_OF_CONDUCT.md
      From: README.md
Flavors: r-devel-linux-x86_64-debian-clang, r-devel-linux-x86_64-debian-gcc